CRAN Package Check Results for Package PPMR

Last updated on 2025-07-22 07:49:48 CEST.

Flavor Version Tinstall Tcheck Ttotal Status Flags
r-devel-linux-x86_64-debian-clang 1.0 38.86 22.73 61.59 NOTE
r-devel-linux-x86_64-debian-gcc 1.0 26.98 19.26 46.24 NOTE
r-devel-linux-x86_64-fedora-clang 1.0 107.08 NOTE
r-devel-linux-x86_64-fedora-gcc 1.0 105.73 NOTE
r-devel-windows-x86_64 1.0 44.00 63.00 107.00 NOTE
r-patched-linux-x86_64 1.0 38.14 21.74 59.88 NOTE
r-release-linux-x86_64 1.0 36.17 21.59 57.76 NOTE
r-release-macos-arm64 1.0 33.00 NOTE
r-release-macos-x86_64 1.0 48.00 NOTE
r-release-windows-x86_64 1.0 42.00 64.00 106.00 NOTE
r-oldrel-macos-arm64 1.0 32.00 NOTE
r-oldrel-macos-x86_64 1.0 52.00 NOTE
r-oldrel-windows-x86_64 1.0 51.00 74.00 125.00 NOTE

Check Details

Version: 1.0
Check: C++ specification
Result: NOTE Specified C++11: please drop specification unless essential Flavors: r-devel-linux-x86_64-debian-clang, r-devel-linux-x86_64-debian-gcc, r-devel-linux-x86_64-fedora-clang, r-devel-linux-x86_64-fedora-gcc, r-devel-windows-x86_64, r-patched-linux-x86_64, r-release-linux-x86_64, r-release-macos-arm64, r-release-macos-x86_64, r-release-windows-x86_64, r-oldrel-macos-arm64, r-oldrel-macos-x86_64, r-oldrel-windows-x86_64

These binaries (installable software) and packages are in development.
They may not be fully stable and should be used with caution. We make no claims about them.