Last updated on 2025-02-23 07:52:04 CET.
Flavor | Version | Tinstall | Tcheck | Ttotal | Status | Flags |
---|---|---|---|---|---|---|
r-devel-linux-x86_64-debian-clang | 0.1.0 | 23.19 | 54.27 | 77.46 | NOTE | |
r-devel-linux-x86_64-debian-gcc | 0.1.0 | 15.97 | 40.73 | 56.70 | NOTE | |
r-devel-linux-x86_64-fedora-clang | 0.1.0 | 133.03 | NOTE | |||
r-devel-linux-x86_64-fedora-gcc | 0.1.0 | 124.41 | NOTE | |||
r-devel-macos-arm64 | 0.1.0 | 37.00 | NOTE | |||
r-devel-macos-x86_64 | 0.1.0 | 70.00 | NOTE | |||
r-devel-windows-x86_64 | 0.1.0 | 26.00 | 82.00 | 108.00 | NOTE | |
r-patched-linux-x86_64 | 0.1.0 | 21.75 | 50.24 | 71.99 | NOTE | |
r-release-linux-x86_64 | 0.1.0 | 18.40 | 50.69 | 69.09 | NOTE | |
r-release-macos-arm64 | 0.1.0 | 36.00 | NOTE | |||
r-release-macos-x86_64 | 0.1.0 | 59.00 | NOTE | |||
r-release-windows-x86_64 | 0.1.0 | 26.00 | 83.00 | 109.00 | NOTE | |
r-oldrel-macos-arm64 | 0.1.0 | 42.00 | NOTE | |||
r-oldrel-macos-x86_64 | 0.1.0 | 68.00 | NOTE | |||
r-oldrel-windows-x86_64 | 0.1.0 | 32.00 | 102.00 | 134.00 | NOTE |
Version: 0.1.0
Check: C++ specification
Result: NOTE
Specified C++11: please drop specification unless essential
Flavors: r-devel-linux-x86_64-debian-clang, r-devel-linux-x86_64-debian-gcc, r-devel-linux-x86_64-fedora-clang, r-devel-linux-x86_64-fedora-gcc, r-devel-macos-arm64, r-devel-macos-x86_64, r-devel-windows-x86_64, r-patched-linux-x86_64, r-release-linux-x86_64, r-release-macos-arm64, r-release-macos-x86_64, r-release-windows-x86_64, r-oldrel-macos-arm64, r-oldrel-macos-x86_64, r-oldrel-windows-x86_64
These binaries (installable software) and packages are in development.
They may not be fully stable and should be used with caution. We make no claims about them.