CRAN Package Check Results for Package PPTcirc

Last updated on 2025-05-01 14:49:18 CEST.

Flavor Version Tinstall Tcheck Ttotal Status Flags
r-devel-linux-x86_64-debian-clang 0.2.3 3.44 196.53 199.97 NOTE
r-devel-linux-x86_64-debian-gcc 0.2.3 2.61 113.54 116.15 NOTE
r-devel-linux-x86_64-fedora-clang 0.2.3 324.38 OK
r-devel-linux-x86_64-fedora-gcc 0.2.3 327.26 OK
r-devel-windows-x86_64 0.2.3 6.00 166.00 172.00 OK
r-patched-linux-x86_64 0.2.3 3.97 180.16 184.13 OK
r-release-linux-x86_64 OK
r-release-macos-arm64 0.2.3 88.00 OK
r-release-macos-x86_64 0.2.3 179.00 OK
r-release-windows-x86_64 0.2.3 6.00 162.00 168.00 OK
r-oldrel-macos-arm64 0.2.3 79.00 OK
r-oldrel-macos-x86_64 0.2.3 126.00 OK
r-oldrel-windows-x86_64 0.2.3 7.00 221.00 228.00 OK

Check Details

Version: 0.2.3
Check: CRAN incoming feasibility
Result: NOTE Maintainer: ‘Karla Mayra Perez <karla.mayra25@gmail.com>’ No Authors@R field in DESCRIPTION. Please add one, modifying Authors@R: c(person(given = c("Karla", "Mayra"), family = "Perez", role = c("aut", "cre"), email = "karla.mayra25@gmail.com"), person(given = c("Luis", "E."), family = "Nieto-Barajas", role = "aut")) as necessary. The Description field contains (2019) <arXiv:1902.06020>). Please refer to arXiv e-prints via their arXiv DOI <doi:10.48550/arXiv.YYMM.NNNNN>. Flavors: r-devel-linux-x86_64-debian-clang, r-devel-linux-x86_64-debian-gcc

Version: 0.2.3
Check: examples
Result: NOTE Examples with CPU (user + system) or elapsed time > 5s user system elapsed dsimpostppt 4.755 0.106 7.15 postppt.summary 4.012 0.088 5.39 Flavor: r-devel-linux-x86_64-debian-clang

These binaries (installable software) and packages are in development.
They may not be fully stable and should be used with caution. We make no claims about them.