Last updated on 2025-11-17 19:49:39 CET.
| Flavor | Version | Tinstall | Tcheck | Ttotal | Status | Flags |
|---|---|---|---|---|---|---|
| r-devel-linux-x86_64-debian-clang | 0.2.0 | 36.64 | 77.91 | 114.55 | OK | |
| r-devel-linux-x86_64-debian-gcc | 0.2.0 | 23.78 | 57.87 | 81.65 | OK | |
| r-devel-linux-x86_64-fedora-clang | 0.2.0 | 75.00 | 108.00 | 183.00 | OK | |
| r-devel-linux-x86_64-fedora-gcc | 0.2.0 | 86.00 | 113.07 | 199.07 | OK | |
| r-devel-windows-x86_64 | 0.2.0 | 49.00 | 110.00 | 159.00 | OK | |
| r-patched-linux-x86_64 | 0.2.0 | 35.96 | 74.92 | 110.88 | OK | |
| r-release-linux-x86_64 | 0.2.0 | 36.36 | 74.41 | 110.77 | OK | |
| r-release-macos-arm64 | 0.2.0 | 14.00 | 38.00 | 52.00 | OK | |
| r-release-macos-x86_64 | 0.2.0 | 25.00 | 88.00 | 113.00 | OK | |
| r-release-windows-x86_64 | 0.2.0 | 46.00 | 113.00 | 159.00 | OK | |
| r-oldrel-macos-arm64 | 0.2.0 | 13.00 | 43.00 | 56.00 | NOTE | |
| r-oldrel-macos-x86_64 | 0.2.0 | 29.00 | 89.00 | 118.00 | NOTE | |
| r-oldrel-windows-x86_64 | 0.2.0 | 51.00 | 146.00 | 197.00 | OK |
Version: 0.2.0
Check: installed package size
Result: NOTE
installed size is 6.0Mb
sub-directories of 1Mb or more:
libs 4.3Mb
Flavors: r-oldrel-macos-arm64, r-oldrel-macos-x86_64
These binaries (installable software) and packages are in development.
They may not be fully stable and should be used with caution. We make no claims about them.