CRAN Package Check Results for Package PPtreeViz

Last updated on 2025-07-21 15:51:11 CEST.

Flavor Version Tinstall Tcheck Ttotal Status Flags
r-devel-linux-x86_64-debian-clang 2.0.4 31.50 87.90 119.40 NOTE
r-devel-linux-x86_64-debian-gcc 2.0.4 22.08 63.57 85.65 NOTE
r-devel-linux-x86_64-fedora-clang 2.0.4 199.14 OK
r-devel-linux-x86_64-fedora-gcc 2.0.4 186.79 OK
r-devel-windows-x86_64 2.0.4 34.00 110.00 144.00 OK
r-patched-linux-x86_64 2.0.4 31.39 84.68 116.07 OK
r-release-linux-x86_64 2.0.4 31.23 83.37 114.60 OK
r-release-macos-arm64 2.0.4 52.00 OK
r-release-macos-x86_64 2.0.4 87.00 OK
r-release-windows-x86_64 2.0.4 35.00 109.00 144.00 OK
r-oldrel-macos-arm64 2.0.4 50.00 OK
r-oldrel-macos-x86_64 2.0.4 73.00 OK
r-oldrel-windows-x86_64 2.0.4 44.00 141.00 185.00 OK

Check Details

Version: 2.0.4
Check: CRAN incoming feasibility
Result: NOTE Maintainer: ‘Eun-Kyung Lee <lee.eunk@gmail.com>’ No Authors@R field in DESCRIPTION. Please add one, modifying Authors@R: person(given = "Eun-Kyung", family = "Lee", role = c("aut", "cre"), email = "lee.eunk@gmail.com") as necessary. Flavors: r-devel-linux-x86_64-debian-clang, r-devel-linux-x86_64-debian-gcc

These binaries (installable software) and packages are in development.
They may not be fully stable and should be used with caution. We make no claims about them.