Last updated on 2025-07-02 03:50:49 CEST.
Flavor | Version | Tinstall | Tcheck | Ttotal | Status | Flags |
---|---|---|---|---|---|---|
r-devel-linux-x86_64-debian-clang | 1.6.6 | 140.44 | 518.86 | 659.30 | OK | |
r-devel-linux-x86_64-debian-gcc | 1.6.6 | 106.82 | 353.10 | 459.92 | OK | |
r-devel-linux-x86_64-fedora-clang | 1.6.6 | 1186.24 | OK | |||
r-devel-linux-x86_64-fedora-gcc | 1.6.6 | 1112.22 | OK | |||
r-devel-windows-x86_64 | 1.6.6 | 154.00 | 460.00 | 614.00 | OK | |
r-patched-linux-x86_64 | OK | |||||
r-release-linux-x86_64 | 1.6.6 | 140.28 | 488.37 | 628.65 | OK | |
r-release-macos-arm64 | 1.6.6 | 265.00 | OK | |||
r-release-macos-x86_64 | 1.6.6 | 292.00 | OK | |||
r-release-windows-x86_64 | 1.6.6 | 148.00 | 450.00 | 598.00 | OK | |
r-oldrel-macos-arm64 | 1.6.6 | 208.00 | NOTE | |||
r-oldrel-macos-x86_64 | 1.6.6 | 323.00 | NOTE | |||
r-oldrel-windows-x86_64 | 1.6.6 | 161.00 | 630.00 | 791.00 | OK |
Version: 1.6.6
Check: installed package size
Result: NOTE
installed size is 11.7Mb
sub-directories of 1Mb or more:
data 2.2Mb
libs 8.7Mb
Flavors: r-oldrel-macos-arm64, r-oldrel-macos-x86_64
These binaries (installable software) and packages are in development.
They may not be fully stable and should be used with caution. We make no claims about them.