Last updated on 2025-02-02 14:48:31 CET.
Flavor | Version | Tinstall | Tcheck | Ttotal | Status | Flags |
---|---|---|---|---|---|---|
r-devel-linux-x86_64-debian-clang | 1.6.5 | 130.31 | 495.41 | 625.72 | NOTE | |
r-devel-linux-x86_64-debian-gcc | 1.6.5 | 93.81 | 340.72 | 434.53 | NOTE | |
r-devel-linux-x86_64-fedora-clang | 1.6.5 | 1130.58 | OK | |||
r-devel-linux-x86_64-fedora-gcc | 1.6.5 | 1077.42 | OK | |||
r-devel-windows-x86_64 | 1.6.5 | 136.00 | 441.00 | 577.00 | NOTE | |
r-patched-linux-x86_64 | 1.6.5 | 143.40 | 459.56 | 602.96 | OK | |
r-release-linux-x86_64 | 1.6.5 | 134.31 | 456.41 | 590.72 | OK | |
r-release-macos-arm64 | 1.6.5 | 266.00 | NOTE | |||
r-release-macos-x86_64 | 1.6.5 | 392.00 | NOTE | |||
r-release-windows-x86_64 | 1.6.5 | 145.00 | 442.00 | 587.00 | OK | |
r-oldrel-macos-arm64 | 1.6.5 | 184.00 | NOTE | |||
r-oldrel-macos-x86_64 | 1.6.5 | 284.00 | NOTE | |||
r-oldrel-windows-x86_64 | 1.6.5 | 174.00 | 599.00 | 773.00 | OK |
Version: 1.6.5
Check: Rd cross-references
Result: NOTE
Found the following Rd file(s) with Rd \link{} targets missing package
anchors:
AddAdjList.Rd: getAdj, getAdj_auto
doHeatmap.Rd: DoHeatmap
drawFigs.Rd: ggarrange
getAdj_fixedNumber.Rd: getAdj_auto, getAdj
getAdj_reg.Rd: getAdj_auto, getAdj
Please provide package anchors for all Rd \link{} targets not in the
package itself and the base packages.
Flavors: r-devel-linux-x86_64-debian-clang, r-devel-linux-x86_64-debian-gcc, r-devel-windows-x86_64
Version: 1.6.5
Check: installed package size
Result: NOTE
installed size is 11.5Mb
sub-directories of 1Mb or more:
data 2.2Mb
libs 8.5Mb
Flavors: r-release-macos-arm64, r-release-macos-x86_64, r-oldrel-macos-arm64, r-oldrel-macos-x86_64
These binaries (installable software) and packages are in development.
They may not be fully stable and should be used with caution. We make no claims about them.