CRAN Package Check Results for Package PRIMAL

Last updated on 2025-05-01 08:52:42 CEST.

Flavor Version Tinstall Tcheck Ttotal Status Flags
r-devel-linux-x86_64-debian-clang 1.0.2 32.25 57.35 89.60 NOTE
r-devel-linux-x86_64-debian-gcc 1.0.2 27.71 46.50 74.21 NOTE
r-devel-linux-x86_64-fedora-clang 1.0.2 146.80 NOTE
r-devel-linux-x86_64-fedora-gcc 1.0.2 171.17 NOTE
r-devel-windows-x86_64 1.0.2 37.00 107.00 144.00 NOTE
r-patched-linux-x86_64 1.0.2 38.70 57.90 96.60 NOTE
r-release-linux-x86_64 NOTE
r-release-macos-arm64 1.0.2 65.00 NOTE
r-release-macos-x86_64 1.0.2 129.00 NOTE
r-release-windows-x86_64 1.0.2 37.00 112.00 149.00 NOTE
r-oldrel-macos-arm64 1.0.2 51.00 NOTE
r-oldrel-macos-x86_64 1.0.2 83.00 NOTE
r-oldrel-windows-x86_64 1.0.2 43.00 118.00 161.00 NOTE

Check Details

Version: 1.0.2
Check: CRAN incoming feasibility
Result: NOTE Maintainer: ‘Zichong Li <zichongli5@gmail.com>’ No Authors@R field in DESCRIPTION. Please add one, modifying Authors@R: c(person(given = "Zichong", family = "Li", role = c("aut", "cre"), email = "zichongli5@gmail.com"), person(given = "Qianli", family = "Shen", role = "aut")) as necessary. Flavors: r-devel-linux-x86_64-debian-clang, r-devel-linux-x86_64-debian-gcc

Version: 1.0.2
Check: C++ specification
Result: NOTE Specified C++11: please drop specification unless essential Flavors: r-devel-linux-x86_64-debian-clang, r-devel-linux-x86_64-debian-gcc, r-devel-linux-x86_64-fedora-clang, r-devel-linux-x86_64-fedora-gcc, r-devel-windows-x86_64, r-patched-linux-x86_64, r-release-linux-x86_64, r-release-macos-arm64, r-release-macos-x86_64, r-release-windows-x86_64, r-oldrel-macos-arm64, r-oldrel-macos-x86_64, r-oldrel-windows-x86_64

Version: 1.0.2
Check: compiled code
Result: NOTE File ‘PRIMAL/libs/PRIMAL.so’: Found no calls to: ‘R_registerRoutines’, ‘R_useDynamicSymbols’ It is good practice to register native routines and to disable symbol search. See ‘Writing portable packages’ in the ‘Writing R Extensions’ manual. Flavors: r-devel-linux-x86_64-fedora-clang, r-devel-linux-x86_64-fedora-gcc

Version: 1.0.2
Check: installed package size
Result: NOTE installed size is 10.5Mb sub-directories of 1Mb or more: libs 10.1Mb Flavors: r-oldrel-macos-arm64, r-oldrel-macos-x86_64

These binaries (installable software) and packages are in development.
They may not be fully stable and should be used with caution. We make no claims about them.