Last updated on 2024-07-27 15:50:29 CEST.
Flavor | Version | Tinstall | Tcheck | Ttotal | Status | Flags |
---|---|---|---|---|---|---|
r-devel-linux-x86_64-debian-clang | 3.2-6 | 122.93 | 37.21 | 160.14 | OK | |
r-devel-linux-x86_64-debian-gcc | 3.2-6 | OK | ||||
r-devel-linux-x86_64-fedora-clang | 3.2-6 | 242.02 | NOTE | |||
r-devel-linux-x86_64-fedora-gcc | 3.2-6 | 311.47 | NOTE | |||
r-devel-windows-x86_64 | 3.2-6 | 125.00 | 72.00 | 197.00 | OK | |
r-patched-linux-x86_64 | 3.2-6 | OK | ||||
r-release-linux-x86_64 | 3.2-6 | 115.66 | 37.32 | 152.98 | OK | |
r-release-macos-arm64 | 3.2-6 | 56.00 | NOTE | |||
r-release-macos-x86_64 | 3.2-6 | 54.00 | NOTE | |||
r-release-windows-x86_64 | 3.2-6 | 123.00 | 68.00 | 191.00 | OK | |
r-oldrel-macos-arm64 | 3.2-6 | 58.00 | NOTE | |||
r-oldrel-macos-x86_64 | 3.2-6 | 64.00 | NOTE | |||
r-oldrel-windows-x86_64 | 3.2-6 | 102.00 | 82.00 | 184.00 | OK |
Version: 3.2-6
Check: dependencies in R code
Result: NOTE
Namespace in Imports field not imported from: ‘Matrix’
All declared Imports should be used.
Flavors: r-devel-linux-x86_64-fedora-clang, r-devel-linux-x86_64-fedora-gcc
Version: 3.2-6
Check: installed package size
Result: NOTE
installed size is 7.0Mb
sub-directories of 1Mb or more:
libs 6.8Mb
Flavors: r-release-macos-arm64, r-release-macos-x86_64, r-oldrel-macos-arm64, r-oldrel-macos-x86_64
These binaries (installable software) and packages are in development.
They may not be fully stable and should be used with caution. We make no claims about them.