Last updated on 2025-10-03 11:50:56 CEST.
Flavor | Version | Tinstall | Tcheck | Ttotal | Status | Flags |
---|---|---|---|---|---|---|
r-devel-linux-x86_64-debian-clang | 3.2-6 | 83.08 | 32.48 | 115.56 | NOTE | |
r-devel-linux-x86_64-debian-gcc | 3.2-6 | 81.40 | 26.03 | 107.43 | NOTE | |
r-devel-linux-x86_64-fedora-clang | 3.2-6 | 240.27 | NOTE | |||
r-devel-linux-x86_64-fedora-gcc | 3.2-6 | 280.07 | NOTE | |||
r-devel-windows-x86_64 | 3.2-6 | 126.00 | 73.00 | 199.00 | OK | |
r-patched-linux-x86_64 | 3.2-6 | 114.58 | 30.89 | 145.47 | NOTE | |
r-release-linux-x86_64 | 3.2-6 | 115.18 | 30.40 | 145.58 | NOTE | |
r-release-macos-arm64 | 3.2-6 | 61.00 | NOTE | |||
r-release-macos-x86_64 | 3.2-6 | 70.00 | NOTE | |||
r-release-windows-x86_64 | 3.2-6 | 131.00 | 69.00 | 200.00 | OK | |
r-oldrel-macos-arm64 | 3.2-6 | 56.00 | NOTE | |||
r-oldrel-macos-x86_64 | 3.2-6 | 54.00 | NOTE | |||
r-oldrel-windows-x86_64 | 3.2-6 | 160.00 | 88.00 | 248.00 | OK |
Version: 3.2-6
Check: compiled code
Result: NOTE
File ‘PRIMME/libs/PRIMME.so’:
Found ‘stdout’, possibly from ‘stdout’ (C)
Object: ‘primme/libprimme.a’
Compiled code should not call entry points which might terminate R nor
write to stdout/stderr instead of to the console, nor use Fortran I/O
nor system RNGs nor [v]sprintf.
See ‘Writing portable packages’ in the ‘Writing R Extensions’ manual.
Flavors: r-devel-linux-x86_64-debian-clang, r-devel-linux-x86_64-debian-gcc, r-devel-linux-x86_64-fedora-clang, r-devel-linux-x86_64-fedora-gcc, r-patched-linux-x86_64, r-release-linux-x86_64
Version: 3.2-6
Check: dependencies in R code
Result: NOTE
Namespace in Imports field not imported from: ‘Matrix’
All declared Imports should be used.
Flavors: r-devel-linux-x86_64-fedora-clang, r-devel-linux-x86_64-fedora-gcc
Version: 3.2-6
Check: compiled code
Result: NOTE
File ‘PRIMME/libs/PRIMME.so’:
Found ‘___stdoutp’, possibly from ‘stdout’ (C)
Object: ‘primme/libprimme.a’
Compiled code should not call entry points which might terminate R nor
write to stdout/stderr instead of to the console, nor use Fortran I/O
nor system RNGs nor [v]sprintf.
See ‘Writing portable packages’ in the ‘Writing R Extensions’ manual.
Flavors: r-release-macos-arm64, r-release-macos-x86_64
Version: 3.2-6
Check: installed package size
Result: NOTE
installed size is 7.0Mb
sub-directories of 1Mb or more:
libs 6.8Mb
Flavors: r-oldrel-macos-arm64, r-oldrel-macos-x86_64
These binaries (installable software) and packages are in development.
They may not be fully stable and should be used with caution. We make no claims about them.