CRAN Package Check Results for Package PRISM.forecast

Last updated on 2025-07-02 01:51:46 CEST.

Flavor Version Tinstall Tcheck Ttotal Status Flags
r-devel-linux-x86_64-debian-clang 0.2.1 1.72 28.13 29.85 OK
r-devel-linux-x86_64-debian-gcc 0.2.1 1.88 21.88 23.76 OK
r-devel-linux-x86_64-fedora-clang 0.2.1 49.52 OK
r-devel-linux-x86_64-fedora-gcc 0.2.1 45.96 OK
r-devel-windows-x86_64 0.2.1 5.00 48.00 53.00 OK
r-patched-linux-x86_64 OK
r-release-linux-x86_64 0.2.1 2.16 26.82 28.98 OK
r-release-macos-arm64 0.2.1 24.00 OK
r-release-macos-x86_64 0.2.1 43.00 OK
r-release-windows-x86_64 0.2.1 5.00 47.00 52.00 OK
r-oldrel-macos-arm64 0.2.1 19.00 NOTE
r-oldrel-macos-x86_64 0.2.1 35.00 NOTE
r-oldrel-windows-x86_64 0.2.1 7.00 53.00 60.00 NOTE

Check Details

Version: 0.2.1
Check: LazyData
Result: NOTE 'LazyData' is specified without a 'data' directory Flavors: r-oldrel-macos-arm64, r-oldrel-macos-x86_64, r-oldrel-windows-x86_64

These binaries (installable software) and packages are in development.
They may not be fully stable and should be used with caution. We make no claims about them.