CRAN Package Check Results for Package PRISM.forecast

Last updated on 2025-11-13 23:50:48 CET.

Flavor Version Tinstall Tcheck Ttotal Status Flags
r-devel-linux-x86_64-debian-clang 0.2.1 2.61 29.36 31.97 OK
r-devel-linux-x86_64-debian-gcc 0.2.1 1.93 22.36 24.29 OK
r-devel-linux-x86_64-fedora-clang 0.2.1 47.25 OK
r-devel-linux-x86_64-fedora-gcc 0.2.1 45.89 OK
r-devel-windows-x86_64 0.2.1 6.00 48.00 54.00 OK
r-patched-linux-x86_64 0.2.1 2.19 28.02 30.21 OK
r-release-linux-x86_64 0.2.1 2.47 28.09 30.56 OK
r-release-macos-arm64 0.2.1 2.00 22.00 24.00 OK
r-release-macos-x86_64 0.2.1 4.00 39.00 43.00 OK
r-release-windows-x86_64 0.2.1 6.00 45.00 51.00 OK
r-oldrel-macos-arm64 0.2.1 1.00 18.00 19.00 NOTE
r-oldrel-macos-x86_64 0.2.1 2.00 33.00 35.00 NOTE
r-oldrel-windows-x86_64 0.2.1 6.00 52.00 58.00 NOTE

Check Details

Version: 0.2.1
Check: LazyData
Result: NOTE 'LazyData' is specified without a 'data' directory Flavors: r-oldrel-macos-arm64, r-oldrel-macos-x86_64, r-oldrel-windows-x86_64

These binaries (installable software) and packages are in development.
They may not be fully stable and should be used with caution. We make no claims about them.