Last updated on 2025-04-16 00:49:48 CEST.
Flavor | Version | Tinstall | Tcheck | Ttotal | Status | Flags |
---|---|---|---|---|---|---|
r-devel-linux-x86_64-debian-clang | 0.6.0 | 8.10 | 35.23 | 43.33 | OK | |
r-devel-linux-x86_64-debian-gcc | 0.6.0 | 6.23 | 27.57 | 33.80 | OK | |
r-devel-linux-x86_64-fedora-clang | 0.6.0 | 69.06 | OK | |||
r-devel-linux-x86_64-fedora-gcc | 0.6.0 | 80.98 | OK | |||
r-devel-windows-x86_64 | 0.6.0 | 21.00 | 189.00 | 210.00 | OK | |
r-patched-linux-x86_64 | 0.6.0 | 6.26 | 34.40 | 40.66 | OK | |
r-release-linux-x86_64 | 0.6.0 | 6.75 | 34.24 | 40.99 | OK | |
r-release-macos-arm64 | 0.6.0 | 41.00 | OK | |||
r-release-macos-x86_64 | 0.6.0 | 97.00 | OK | |||
r-release-windows-x86_64 | 0.6.0 | 20.00 | 194.00 | 214.00 | OK | |
r-oldrel-macos-arm64 | 0.6.0 | 55.00 | NOTE | |||
r-oldrel-macos-x86_64 | 0.6.0 | 82.00 | NOTE | |||
r-oldrel-windows-x86_64 | 0.6.0 | 24.00 | 236.00 | 260.00 | NOTE |
Version: 0.6.0
Check: installed package size
Result: NOTE
installed size is 13.1Mb
sub-directories of 1Mb or more:
libs 12.8Mb
Flavors: r-oldrel-macos-arm64, r-oldrel-macos-x86_64, r-oldrel-windows-x86_64
These binaries (installable software) and packages are in development.
They may not be fully stable and should be used with caution. We make no claims about them.