Last updated on 2025-07-25 01:49:36 CEST.
Flavor | Version | Tinstall | Tcheck | Ttotal | Status | Flags |
---|---|---|---|---|---|---|
r-devel-linux-x86_64-debian-clang | 0.3.3 | 5.12 | 32.42 | 37.54 | NOTE | |
r-devel-linux-x86_64-debian-gcc | 0.3.3 | 3.54 | 24.31 | 27.85 | NOTE | |
r-devel-linux-x86_64-fedora-clang | 0.3.3 | 56.56 | NOTE | |||
r-devel-linux-x86_64-fedora-gcc | 0.3.3 | 53.79 | NOTE | |||
r-devel-windows-x86_64 | 0.3.3 | 7.00 | 66.00 | 73.00 | NOTE | |
r-patched-linux-x86_64 | 0.3.3 | 4.55 | 29.38 | 33.93 | NOTE | |
r-release-linux-x86_64 | 0.3.3 | 4.22 | 29.20 | 33.42 | NOTE | |
r-release-macos-arm64 | 0.3.3 | 21.00 | NOTE | |||
r-release-macos-x86_64 | 0.3.3 | 33.00 | NOTE | |||
r-release-windows-x86_64 | 0.3.3 | 5.00 | 54.00 | 59.00 | NOTE | |
r-oldrel-macos-arm64 | 0.3.3 | 21.00 | NOTE | |||
r-oldrel-macos-x86_64 | 0.3.3 | 29.00 | NOTE | |||
r-oldrel-windows-x86_64 | 0.3.3 | 5.00 | 60.00 | 65.00 | NOTE |
Version: 0.3.3
Check: Rd files
Result: NOTE
checkRd: (-1) struc_addSimData.Rd:15: Lost braces
15 | \item{value}{code{data.frame} or code{data.table}}
| ^
checkRd: (-1) struc_addSimData.Rd:15: Lost braces
15 | \item{value}{code{data.frame} or code{data.table}}
| ^
Flavors: r-devel-linux-x86_64-debian-clang, r-devel-linux-x86_64-debian-gcc, r-devel-linux-x86_64-fedora-clang, r-devel-linux-x86_64-fedora-gcc, r-devel-windows-x86_64, r-patched-linux-x86_64, r-release-linux-x86_64, r-release-macos-arm64, r-release-macos-x86_64, r-release-windows-x86_64, r-oldrel-macos-arm64, r-oldrel-macos-x86_64, r-oldrel-windows-x86_64
These binaries (installable software) and packages are in development.
They may not be fully stable and should be used with caution. We make no claims about them.