Last updated on 2025-02-16 10:50:55 CET.
Flavor | Version | Tinstall | Tcheck | Ttotal | Status | Flags |
---|---|---|---|---|---|---|
r-devel-linux-x86_64-debian-clang | 0.4.1 | 34.92 | 275.01 | 309.93 | NOTE | |
r-devel-linux-x86_64-debian-gcc | 0.4.1 | 27.42 | 203.26 | 230.68 | NOTE | |
r-devel-linux-x86_64-fedora-clang | 0.4.1 | 571.29 | NOTE | |||
r-devel-linux-x86_64-fedora-gcc | 0.4.1 | 548.85 | NOTE | |||
r-devel-macos-arm64 | 0.4.1 | 159.00 | NOTE | |||
r-devel-macos-x86_64 | 0.4.1 | 706.00 | NOTE | |||
r-devel-windows-x86_64 | 0.4.1 | 39.00 | 351.00 | 390.00 | NOTE | |
r-patched-linux-x86_64 | 0.4.1 | 40.33 | 287.09 | 327.42 | NOTE | |
r-release-linux-x86_64 | 0.4.1 | 36.79 | 289.24 | 326.03 | NOTE | |
r-release-macos-arm64 | 0.4.1 | 138.00 | NOTE | |||
r-release-macos-x86_64 | 0.4.1 | 211.00 | NOTE | |||
r-release-windows-x86_64 | 0.4.1 | 40.00 | 351.00 | 391.00 | NOTE | |
r-oldrel-macos-arm64 | 0.4.1 | 150.00 | OK | |||
r-oldrel-macos-x86_64 | 0.4.1 | 266.00 | OK | |||
r-oldrel-windows-x86_64 | 0.4.1 | 51.00 | 411.00 | 462.00 | OK |
Version: 0.4.1
Check: Rd files
Result: NOTE
checkRd: (-1) computeResponseProbability.Rd:12: Lost braces; missing escapes or markup?
12 | \item{model}{the item model to use. Accepts \code{grm} or {gpcm}.}
| ^
Flavors: r-devel-linux-x86_64-debian-clang, r-devel-linux-x86_64-debian-gcc, r-devel-linux-x86_64-fedora-clang, r-devel-linux-x86_64-fedora-gcc, r-devel-macos-arm64, r-devel-macos-x86_64, r-devel-windows-x86_64, r-patched-linux-x86_64, r-release-linux-x86_64, r-release-macos-arm64, r-release-macos-x86_64, r-release-windows-x86_64
Version: 0.4.1
Check: Rd cross-references
Result: NOTE
Found the following Rd file(s) with Rd \link{} targets missing package
anchors:
plotInfo-methods.Rd: SingleGroupClass-class
runCalibration.Rd: SingleGroupClass-class
runEquateObserved.Rd: equate
Please provide package anchors for all Rd \link{} targets not in the
package itself and the base packages.
Flavors: r-devel-linux-x86_64-debian-clang, r-devel-linux-x86_64-debian-gcc, r-devel-windows-x86_64
These binaries (installable software) and packages are in development.
They may not be fully stable and should be used with caution. We make no claims about them.