Last updated on 2024-07-27 15:50:29 CEST.
Flavor | Version | Tinstall | Tcheck | Ttotal | Status | Flags |
---|---|---|---|---|---|---|
r-devel-linux-x86_64-debian-clang | 0.4.1 | 52.25 | 362.90 | 415.15 | NOTE | |
r-devel-linux-x86_64-debian-gcc | 0.4.1 | NOTE | ||||
r-devel-linux-x86_64-fedora-clang | 0.4.1 | 535.79 | NOTE | |||
r-devel-linux-x86_64-fedora-gcc | 0.4.1 | 575.69 | NOTE | |||
r-devel-windows-x86_64 | 0.4.1 | 40.00 | 349.00 | 389.00 | NOTE | |
r-patched-linux-x86_64 | 0.4.1 | NOTE | ||||
r-release-linux-x86_64 | 0.4.1 | 29.73 | 378.02 | 407.75 | NOTE | |
r-release-macos-arm64 | 0.4.1 | 138.00 | NOTE | |||
r-release-macos-x86_64 | 0.4.1 | 211.00 | NOTE | |||
r-release-windows-x86_64 | 0.4.1 | 45.00 | 332.00 | 377.00 | NOTE | |
r-oldrel-macos-arm64 | 0.4.1 | 150.00 | OK | |||
r-oldrel-macos-x86_64 | 0.4.1 | 266.00 | OK | |||
r-oldrel-windows-x86_64 | 0.4.1 | 50.00 | 405.00 | 455.00 | OK |
Version: 0.4.1
Check: Rd files
Result: NOTE
checkRd: (-1) computeResponseProbability.Rd:12: Lost braces; missing escapes or markup?
12 | \item{model}{the item model to use. Accepts \code{grm} or {gpcm}.}
| ^
Flavors: r-devel-linux-x86_64-debian-clang, r-devel-linux-x86_64-debian-gcc, r-devel-linux-x86_64-fedora-clang, r-devel-linux-x86_64-fedora-gcc, r-devel-windows-x86_64, r-patched-linux-x86_64, r-release-linux-x86_64, r-release-macos-arm64, r-release-macos-x86_64, r-release-windows-x86_64
Version: 0.4.1
Check: Rd cross-references
Result: NOTE
Found the following Rd file(s) with Rd \link{} targets missing package
anchors:
plotInfo-methods.Rd: SingleGroupClass-class
runCalibration.Rd: SingleGroupClass-class
runEquateObserved.Rd: equate
Please provide package anchors for all Rd \link{} targets not in the
package itself and the base packages.
Flavors: r-devel-linux-x86_64-debian-gcc, r-devel-windows-x86_64
These binaries (installable software) and packages are in development.
They may not be fully stable and should be used with caution. We make no claims about them.