Last updated on 2025-05-22 06:51:54 CEST.
Flavor | Version | Tinstall | Tcheck | Ttotal | Status | Flags |
---|---|---|---|---|---|---|
r-devel-linux-x86_64-debian-clang | 0.5 | 2.25 | 44.82 | 47.07 | NOTE | |
r-devel-linux-x86_64-debian-gcc | 0.5 | 1.58 | 31.80 | 33.38 | NOTE | |
r-devel-linux-x86_64-fedora-clang | 0.5 | 72.82 | OK | |||
r-devel-linux-x86_64-fedora-gcc | 0.5 | 81.73 | OK | |||
r-devel-windows-x86_64 | 0.5 | 3.00 | 62.00 | 65.00 | OK | |
r-patched-linux-x86_64 | 0.5 | 2.06 | 41.05 | 43.11 | OK | |
r-release-linux-x86_64 | 0.5 | 2.16 | 40.70 | 42.86 | OK | |
r-release-macos-arm64 | 0.5 | 32.00 | OK | |||
r-release-macos-x86_64 | 0.5 | 57.00 | OK | |||
r-release-windows-x86_64 | 0.5 | 4.00 | 63.00 | 67.00 | OK | |
r-oldrel-macos-arm64 | 0.5 | 29.00 | OK | |||
r-oldrel-macos-x86_64 | 0.5 | 47.00 | OK | |||
r-oldrel-windows-x86_64 | 0.5 | 4.00 | 73.00 | 77.00 | OK |
Version: 0.5
Check: CRAN incoming feasibility
Result: NOTE
Maintainer: ‘Neeraj Bokde <neerajdhanraj@gmail.com>’
No Authors@R field in DESCRIPTION.
Please add one, modifying
Authors@R: c(person(given = "Neeraj",
family = "Bokde",
role = c("aut", "cre"),
email = "neerajdhanraj@gmail.com"),
person(given = "Gualberto",
family = "Asencio-Cortes",
role = "aut"),
person(given = "Francisco",
family = "Martinez-Alvarez",
role = "aut"))
as necessary.
Package CITATION file contains call(s) to old-style personList() or
as.personList(). Please use c() on person objects instead.
Package CITATION file contains call(s) to old-style citEntry(). Please
use bibentry() instead.
Flavors: r-devel-linux-x86_64-debian-clang, r-devel-linux-x86_64-debian-gcc
These binaries (installable software) and packages are in development.
They may not be fully stable and should be used with caution. We make no claims about them.