Last updated on 2025-05-01 08:52:42 CEST.
Flavor | Version | Tinstall | Tcheck | Ttotal | Status | Flags |
---|---|---|---|---|---|---|
r-devel-linux-x86_64-debian-clang | 1.0.6 | 75.06 | 29.86 | 104.92 | OK | |
r-devel-linux-x86_64-debian-gcc | 1.0.6 | 56.56 | 24.37 | 80.93 | OK | |
r-devel-linux-x86_64-fedora-clang | 1.0.6 | 201.67 | OK | |||
r-devel-linux-x86_64-fedora-gcc | 1.0.6 | 195.09 | OK | |||
r-devel-windows-x86_64 | 1.0.6 | 93.00 | 63.00 | 156.00 | OK | |
r-patched-linux-x86_64 | 1.0.6 | 74.96 | 27.56 | 102.52 | OK | |
r-release-linux-x86_64 | OK | |||||
r-release-macos-arm64 | 1.0.6 | 55.00 | OK | |||
r-release-macos-x86_64 | 1.0.6 | 71.00 | OK | |||
r-release-windows-x86_64 | 1.0.6 | 94.00 | 67.00 | 161.00 | OK | |
r-oldrel-macos-arm64 | 1.0.6 | 57.00 | NOTE | |||
r-oldrel-macos-x86_64 | 1.0.6 | 81.00 | NOTE | |||
r-oldrel-windows-x86_64 | 1.0.6 | 100.00 | 78.00 | 178.00 | OK |
Version: 1.0.6
Check: installed package size
Result: NOTE
installed size is 5.3Mb
sub-directories of 1Mb or more:
libs 5.2Mb
Flavors: r-oldrel-macos-arm64, r-oldrel-macos-x86_64
These binaries (installable software) and packages are in development.
They may not be fully stable and should be used with caution. We make no claims about them.