Last updated on 2025-10-03 05:53:46 CEST.
Flavor | Version | Tinstall | Tcheck | Ttotal | Status | Flags |
---|---|---|---|---|---|---|
r-devel-linux-x86_64-debian-clang | 1.0.6 | 74.77 | 31.36 | 106.13 | OK | |
r-devel-linux-x86_64-debian-gcc | 1.0.6 | 48.34 | 24.79 | 73.13 | OK | |
r-devel-linux-x86_64-fedora-clang | 1.0.6 | 205.55 | OK | |||
r-devel-linux-x86_64-fedora-gcc | 1.0.6 | 184.73 | OK | |||
r-devel-windows-x86_64 | 1.0.6 | 99.00 | 68.00 | 167.00 | OK | |
r-patched-linux-x86_64 | 1.0.6 | 77.42 | 29.11 | 106.53 | OK | |
r-release-linux-x86_64 | 1.0.6 | 76.56 | 29.07 | 105.63 | OK | |
r-release-macos-arm64 | 1.0.6 | 55.00 | OK | |||
r-release-macos-x86_64 | 1.0.6 | 71.00 | OK | |||
r-release-windows-x86_64 | 1.0.6 | 96.00 | 65.00 | 161.00 | OK | |
r-oldrel-macos-arm64 | 1.0.6 | 57.00 | NOTE | |||
r-oldrel-macos-x86_64 | 1.0.6 | 81.00 | NOTE | |||
r-oldrel-windows-x86_64 | 1.0.6 | 113.00 | 76.00 | 189.00 | OK |
Version: 1.0.6
Check: installed package size
Result: NOTE
installed size is 5.3Mb
sub-directories of 1Mb or more:
libs 5.2Mb
Flavors: r-oldrel-macos-arm64, r-oldrel-macos-x86_64
These binaries (installable software) and packages are in development.
They may not be fully stable and should be used with caution. We make no claims about them.