Last updated on 2025-02-19 08:50:52 CET.
Flavor | Version | Tinstall | Tcheck | Ttotal | Status | Flags |
---|---|---|---|---|---|---|
r-devel-linux-x86_64-debian-clang | 0.2.0 | 6.54 | 39.52 | 46.06 | OK | |
r-devel-linux-x86_64-debian-gcc | 0.2.0 | 4.84 | 29.19 | 34.03 | OK | |
r-devel-linux-x86_64-fedora-clang | 0.2.0 | 77.15 | OK | |||
r-devel-linux-x86_64-fedora-gcc | 0.2.0 | 68.84 | OK | |||
r-devel-macos-arm64 | 0.2.0 | 28.00 | OK | |||
r-devel-macos-x86_64 | 0.2.0 | 64.00 | OK | |||
r-devel-windows-x86_64 | 0.2.0 | 9.00 | 65.00 | 74.00 | OK | |
r-patched-linux-x86_64 | 0.2.0 | 6.51 | 37.22 | 43.73 | OK | |
r-release-linux-x86_64 | 0.2.0 | 6.16 | 36.49 | 42.65 | OK | |
r-release-macos-arm64 | 0.2.0 | 27.00 | NOTE | |||
r-release-macos-x86_64 | 0.2.0 | 47.00 | NOTE | |||
r-release-windows-x86_64 | 0.2.0 | 8.00 | 59.00 | 67.00 | OK | |
r-oldrel-macos-arm64 | 0.2.0 | 27.00 | NOTE | |||
r-oldrel-macos-x86_64 | 0.2.0 | 40.00 | NOTE | |||
r-oldrel-windows-x86_64 | 0.2.0 | 12.00 | 92.00 | 104.00 | OK |
Version: 0.2.0
Check: installed package size
Result: NOTE
installed size is 5.0Mb
sub-directories of 1Mb or more:
data 4.9Mb
Flavors: r-release-macos-arm64, r-release-macos-x86_64, r-oldrel-macos-arm64, r-oldrel-macos-x86_64
These binaries (installable software) and packages are in development.
They may not be fully stable and should be used with caution. We make no claims about them.