CRAN Package Check Results for Package PSPManalysis

Last updated on 2025-05-08 04:52:14 CEST.

Flavor Version Tinstall Tcheck Ttotal Status Flags
r-devel-linux-x86_64-debian-clang 0.3.9 3.94 150.10 154.04 NOTE
r-devel-linux-x86_64-debian-gcc 0.3.9 2.75 165.06 167.81 NOTE
r-devel-linux-x86_64-fedora-clang 0.3.9 165.54 OK
r-devel-linux-x86_64-fedora-gcc 0.3.9 206.74 OK
r-devel-windows-x86_64 0.3.9 9.00 808.00 817.00 OK
r-patched-linux-x86_64 0.3.9 4.42 193.34 197.76 OK
r-release-linux-x86_64 0.3.9 4.38 153.85 158.23 OK
r-release-macos-arm64 0.3.9 101.00 OK
r-release-macos-x86_64 0.3.9 995.00 OK
r-release-windows-x86_64 0.3.9 9.00 620.00 629.00 OK
r-oldrel-macos-arm64 0.3.9 63.00 OK
r-oldrel-macos-x86_64 0.3.9 81.00 OK
r-oldrel-windows-x86_64 0.3.9 9.00 199.00 208.00 OK

Check Details

Version: 0.3.9
Check: CRAN incoming feasibility
Result: NOTE Maintainer: ‘Andre M. de Roos <A.M.deRoos@uva.nl>’ Package CITATION file contains call(s) to old-style citEntry(). Please use bibentry() instead. Flavors: r-devel-linux-x86_64-debian-clang, r-devel-linux-x86_64-debian-gcc

These binaries (installable software) and packages are in development.
They may not be fully stable and should be used with caution. We make no claims about them.