CRAN Package Check Results for Package PSPManalysis

Last updated on 2025-10-23 19:50:28 CEST.

Flavor Version Tinstall Tcheck Ttotal Status Flags
r-devel-linux-x86_64-debian-clang 0.3.9 3.50 149.82 153.32 NOTE
r-devel-linux-x86_64-debian-gcc 0.3.9 3.08 183.69 186.77 NOTE
r-devel-linux-x86_64-fedora-clang 0.3.9 10.00 158.94 168.94 OK
r-devel-linux-x86_64-fedora-gcc 0.3.9 200.97 OK
r-devel-windows-x86_64 0.3.9 9.00 837.00 846.00 OK
r-patched-linux-x86_64 0.3.9 4.12 194.23 198.35 OK
r-release-linux-x86_64 0.3.9 3.89 154.07 157.96 OK
r-release-macos-arm64 0.3.9 4.00 97.00 101.00 OK
r-release-macos-x86_64 0.3.9 5.00 990.00 995.00 OK
r-release-windows-x86_64 0.3.9 10.00 709.00 719.00 OK
r-oldrel-macos-arm64 0.3.9 3.00 60.00 63.00 OK
r-oldrel-macos-x86_64 0.3.9 4.00 77.00 81.00 OK
r-oldrel-windows-x86_64 0.3.9 9.00 193.00 202.00 OK

Check Details

Version: 0.3.9
Check: CRAN incoming feasibility
Result: NOTE Maintainer: ‘Andre M. de Roos <A.M.deRoos@uva.nl>’ Package CITATION file contains call(s) to old-style citEntry(). Please use bibentry() instead. Flavors: r-devel-linux-x86_64-debian-clang, r-devel-linux-x86_64-debian-gcc

These binaries (installable software) and packages are in development.
They may not be fully stable and should be used with caution. We make no claims about them.