Last updated on 2025-07-19 21:49:45 CEST.
Flavor | Version | Tinstall | Tcheck | Ttotal | Status | Flags |
---|---|---|---|---|---|---|
r-devel-linux-x86_64-debian-clang | 0.3.9 | 3.95 | 140.78 | 144.73 | NOTE | |
r-devel-linux-x86_64-debian-gcc | 0.3.9 | 3.00 | 167.59 | 170.59 | NOTE | |
r-devel-linux-x86_64-fedora-clang | 0.3.9 | 170.94 | OK | |||
r-devel-linux-x86_64-fedora-gcc | 0.3.9 | 199.85 | OK | |||
r-devel-windows-x86_64 | 0.3.9 | 8.00 | 841.00 | 849.00 | OK | |
r-patched-linux-x86_64 | 0.3.9 | 4.25 | 194.18 | 198.43 | OK | |
r-release-linux-x86_64 | 0.3.9 | 3.78 | 153.68 | 157.46 | OK | |
r-release-macos-arm64 | 0.3.9 | 101.00 | OK | |||
r-release-macos-x86_64 | 0.3.9 | 995.00 | OK | |||
r-release-windows-x86_64 | 0.3.9 | 10.00 | 801.00 | 811.00 | OK | |
r-oldrel-macos-arm64 | 0.3.9 | 63.00 | OK | |||
r-oldrel-macos-x86_64 | 0.3.9 | 81.00 | OK | |||
r-oldrel-windows-x86_64 | 0.3.9 | 10.00 | 190.00 | 200.00 | OK |
Version: 0.3.9
Check: CRAN incoming feasibility
Result: NOTE
Maintainer: ‘Andre M. de Roos <A.M.deRoos@uva.nl>’
Package CITATION file contains call(s) to old-style citEntry(). Please
use bibentry() instead.
Flavors: r-devel-linux-x86_64-debian-clang, r-devel-linux-x86_64-debian-gcc
These binaries (installable software) and packages are in development.
They may not be fully stable and should be used with caution. We make no claims about them.