CRAN Package Check Results for Package PSS.Health

Last updated on 2025-05-08 04:52:14 CEST.

Flavor Version Tinstall Tcheck Ttotal Status Flags
r-devel-linux-x86_64-debian-clang 1.1.4 15.23 119.77 135.00 OK
r-devel-linux-x86_64-debian-gcc 1.1.4 11.30 87.42 98.72 OK
r-devel-linux-x86_64-fedora-clang 1.1.4 216.86 NOTE
r-devel-linux-x86_64-fedora-gcc 1.1.4 227.73 NOTE
r-devel-windows-x86_64 1.1.4 16.00 113.00 129.00 OK
r-patched-linux-x86_64 1.1.4 13.79 111.98 125.77 OK
r-release-linux-x86_64 1.1.4 15.07 112.30 127.37 OK
r-release-macos-arm64 1.1.4 62.00 OK
r-release-macos-x86_64 1.1.4 118.00 OK
r-release-windows-x86_64 1.1.4 18.00 114.00 132.00 OK
r-oldrel-macos-arm64 1.1.4 67.00 OK
r-oldrel-macos-x86_64 1.1.4 135.00 OK
r-oldrel-windows-x86_64 1.1.4 23.00 146.00 169.00 OK

Check Details

Version: 1.1.4
Check: dependencies in R code
Result: NOTE Namespace in Imports field not imported from: ‘longpower’ All declared Imports should be used. Flavors: r-devel-linux-x86_64-fedora-clang, r-devel-linux-x86_64-fedora-gcc

These binaries (installable software) and packages are in development.
They may not be fully stable and should be used with caution. We make no claims about them.