Last updated on 2024-07-27 15:50:29 CEST.
Flavor | Version | Tinstall | Tcheck | Ttotal | Status | Flags |
---|---|---|---|---|---|---|
r-devel-linux-x86_64-debian-clang | 1.0.2 | 18.79 | 149.92 | 168.71 | OK | |
r-devel-linux-x86_64-debian-gcc | 1.0.2 | OK | ||||
r-devel-linux-x86_64-fedora-clang | 1.0.2 | 218.21 | NOTE | |||
r-devel-linux-x86_64-fedora-gcc | 1.0.2 | 235.57 | OK | |||
r-devel-windows-x86_64 | 1.0.2 | 17.00 | 115.00 | 132.00 | OK | |
r-patched-linux-x86_64 | 1.0.2 | OK | ||||
r-release-linux-x86_64 | 1.0.2 | 12.23 | 143.23 | 155.46 | OK | |
r-release-macos-arm64 | 1.0.2 | 65.00 | OK | |||
r-release-macos-x86_64 | 1.0.2 | 131.00 | OK | |||
r-release-windows-x86_64 | 1.0.2 | 17.00 | 116.00 | 133.00 | OK | |
r-oldrel-macos-arm64 | 1.0.2 | 61.00 | OK | |||
r-oldrel-macos-x86_64 | 1.0.2 | 167.00 | OK | |||
r-oldrel-windows-x86_64 | 1.0.2 | 23.00 | 149.00 | 172.00 | OK |
Version: 1.0.2
Check: package dependencies
Result: NOTE
Imports includes 21 non-default packages.
Importing from so many packages makes the package vulnerable to any of
them becoming unavailable. Move as many as possible to Suggests and
use conditionally.
Flavor: r-devel-linux-x86_64-fedora-clang
These binaries (installable software) and packages are in development.
They may not be fully stable and should be used with caution. We make no claims about them.