Last updated on 2025-07-26 07:50:31 CEST.
Flavor | Version | Tinstall | Tcheck | Ttotal | Status | Flags |
---|---|---|---|---|---|---|
r-devel-linux-x86_64-debian-clang | 1.1.4 | 15.69 | 119.64 | 135.33 | OK | |
r-devel-linux-x86_64-debian-gcc | 1.1.4 | 10.18 | 86.42 | 96.60 | OK | |
r-devel-linux-x86_64-fedora-clang | 1.1.4 | 201.14 | NOTE | |||
r-devel-linux-x86_64-fedora-gcc | 1.1.4 | 223.33 | NOTE | |||
r-devel-windows-x86_64 | 1.1.4 | 19.00 | 113.00 | 132.00 | OK | |
r-patched-linux-x86_64 | 1.1.4 | 15.54 | 111.70 | 127.24 | OK | |
r-release-linux-x86_64 | 1.1.4 | 13.68 | 111.61 | 125.29 | OK | |
r-release-macos-arm64 | 1.1.4 | 62.00 | OK | |||
r-release-macos-x86_64 | 1.1.4 | 118.00 | OK | |||
r-release-windows-x86_64 | 1.1.4 | 16.00 | 118.00 | 134.00 | OK | |
r-oldrel-macos-arm64 | 1.1.4 | 67.00 | OK | |||
r-oldrel-macos-x86_64 | 1.1.4 | 135.00 | OK | |||
r-oldrel-windows-x86_64 | 1.1.4 | 22.00 | 151.00 | 173.00 | OK |
Version: 1.1.4
Check: dependencies in R code
Result: NOTE
Namespace in Imports field not imported from: ‘longpower’
All declared Imports should be used.
Flavors: r-devel-linux-x86_64-fedora-clang, r-devel-linux-x86_64-fedora-gcc
These binaries (installable software) and packages are in development.
They may not be fully stable and should be used with caution. We make no claims about them.