CRAN Package Check Results for Package PSS.Health

Last updated on 2025-10-23 11:50:23 CEST.

Flavor Version Tinstall Tcheck Ttotal Status Flags
r-devel-linux-x86_64-debian-clang 1.1.4 17.18 131.90 149.08 OK
r-devel-linux-x86_64-debian-gcc 1.1.4 13.40 92.30 105.70 OK
r-devel-linux-x86_64-fedora-clang 1.1.4 87.00 151.50 238.50 NOTE
r-devel-linux-x86_64-fedora-gcc 1.1.4 119.00 135.80 254.80 NOTE
r-devel-windows-x86_64 1.1.4 17.00 117.00 134.00 OK
r-patched-linux-x86_64 1.1.4 15.39 120.25 135.64 OK
r-release-linux-x86_64 1.1.4 15.46 123.39 138.85 OK
r-release-macos-arm64 1.1.4 7.00 55.00 62.00 OK
r-release-macos-x86_64 1.1.4 12.00 106.00 118.00 OK
r-release-windows-x86_64 1.1.4 20.00 119.00 139.00 OK
r-oldrel-macos-arm64 1.1.4 6.00 61.00 67.00 OK
r-oldrel-macos-x86_64 1.1.4 12.00 123.00 135.00 OK
r-oldrel-windows-x86_64 1.1.4 24.00 154.00 178.00 OK

Check Details

Version: 1.1.4
Check: dependencies in R code
Result: NOTE Namespace in Imports field not imported from: ‘longpower’ All declared Imports should be used. Flavors: r-devel-linux-x86_64-fedora-clang, r-devel-linux-x86_64-fedora-gcc

These binaries (installable software) and packages are in development.
They may not be fully stable and should be used with caution. We make no claims about them.