Last updated on 2025-02-23 01:51:50 CET.
Flavor | Version | Tinstall | Tcheck | Ttotal | Status | Flags |
---|---|---|---|---|---|---|
r-devel-linux-x86_64-debian-clang | 1.1.4 | 15.04 | 114.89 | 129.93 | OK | |
r-devel-linux-x86_64-debian-gcc | 1.1.4 | 12.21 | 82.35 | 94.56 | OK | |
r-devel-linux-x86_64-fedora-clang | 1.1.4 | 212.82 | NOTE | |||
r-devel-linux-x86_64-fedora-gcc | 1.1.4 | 212.30 | NOTE | |||
r-devel-macos-arm64 | 1.1.4 | 64.00 | OK | |||
r-devel-macos-x86_64 | 1.1.4 | 118.00 | OK | |||
r-devel-windows-x86_64 | 1.1.4 | 18.00 | 109.00 | 127.00 | OK | |
r-patched-linux-x86_64 | 1.1.4 | 14.19 | 105.45 | 119.64 | OK | |
r-release-linux-x86_64 | 1.1.4 | 14.11 | 105.34 | 119.45 | OK | |
r-release-macos-arm64 | 1.1.4 | 67.00 | OK | |||
r-release-macos-x86_64 | 1.1.4 | 135.00 | OK | |||
r-release-windows-x86_64 | 1.1.4 | 17.00 | 107.00 | 124.00 | OK | |
r-oldrel-macos-arm64 | 1.1.4 | 64.00 | OK | |||
r-oldrel-macos-x86_64 | 1.1.4 | 126.00 | OK | |||
r-oldrel-windows-x86_64 | 1.1.4 | 22.00 | 136.00 | 158.00 | OK |
Version: 1.1.4
Check: dependencies in R code
Result: NOTE
Namespace in Imports field not imported from: ‘longpower’
All declared Imports should be used.
Flavors: r-devel-linux-x86_64-fedora-clang, r-devel-linux-x86_64-fedora-gcc
These binaries (installable software) and packages are in development.
They may not be fully stable and should be used with caution. We make no claims about them.