CRAN Package Check Results for Package PSSIM

Last updated on 2025-05-08 04:52:14 CEST.

Flavor Version Tinstall Tcheck Ttotal Status Flags
r-devel-linux-x86_64-debian-clang 0.1.0 1.66 18.18 19.84 NOTE
r-devel-linux-x86_64-debian-gcc 0.1.0 1.46 14.87 16.33 NOTE
r-devel-linux-x86_64-fedora-clang 0.1.0 31.21 OK
r-devel-linux-x86_64-fedora-gcc 0.1.0 30.17 OK
r-devel-windows-x86_64 0.1.0 2.00 40.00 42.00 OK
r-patched-linux-x86_64 0.1.0 2.01 17.77 19.78 OK
r-release-linux-x86_64 0.1.0 1.79 17.37 19.16 OK
r-release-macos-arm64 0.1.0 17.00 OK
r-release-macos-x86_64 0.1.0 33.00 OK
r-release-windows-x86_64 0.1.0 4.00 40.00 44.00 OK
r-oldrel-macos-arm64 0.1.0 17.00 OK
r-oldrel-macos-x86_64 0.1.0 33.00 OK
r-oldrel-windows-x86_64 0.1.0 3.00 40.00 43.00 OK

Check Details

Version: 0.1.0
Check: CRAN incoming feasibility
Result: NOTE Maintainer: ‘Haiyan Wang <hwang@ksu.edu>’ No Authors@R field in DESCRIPTION. Please add one, modifying Authors@R: c(person(given = c("Luann", "C."), family = "Jung", role = "aut"), person(given = "Haiyan", family = "Wang", role = c("aut", "cre"), email = "hwang@ksu.edu"), person(given = "Diego", family = "Maldonado", role = "aut"), person(given = "Sharad", family = "Silwal", role = "aut"), person(given = "Siti", family = "Tolos", role = "aut"), person(given = "Suojin", family = "Wang", role = "aut")) as necessary. Flavors: r-devel-linux-x86_64-debian-clang, r-devel-linux-x86_64-debian-gcc

These binaries (installable software) and packages are in development.
They may not be fully stable and should be used with caution. We make no claims about them.