CRAN Package Check Results for Package PST

Last updated on 2025-10-23 21:51:37 CEST.

Flavor Version Tinstall Tcheck Ttotal Status Flags
r-devel-linux-x86_64-debian-clang 0.94.1 12.47 112.49 124.96 NOTE
r-devel-linux-x86_64-debian-gcc 0.94.1 8.16 81.52 89.68 NOTE
r-devel-linux-x86_64-fedora-clang 0.94.1 28.00 167.47 195.47 OK
r-devel-linux-x86_64-fedora-gcc 0.94.1 27.00 157.16 184.16 OK
r-devel-windows-x86_64 0.94.1 12.00 114.00 126.00 NOTE
r-patched-linux-x86_64 0.94.1 11.86 107.76 119.62 NOTE
r-release-linux-x86_64 0.94.1 11.68 104.57 116.25 NOTE
r-release-macos-arm64 0.94.1 6.00 49.00 55.00 OK
r-release-macos-x86_64 0.94.1 9.00 86.00 95.00 OK
r-release-windows-x86_64 0.94.1 13.00 115.00 128.00 NOTE
r-oldrel-macos-arm64 0.94.1 5.00 45.00 50.00 OK
r-oldrel-macos-x86_64 0.94.1 8.00 69.00 77.00 OK
r-oldrel-windows-x86_64 0.94.1 18.00 146.00 164.00 OK

Check Details

Version: 0.94.1
Check: Rd cross-references
Result: NOTE Found the following Rd file(s) with Rd \link{} targets missing package anchors: PSTf-class.Rd: TraMineR cprob.Rd: TraMineR generate.Rd: TraMineR plot-PSTr.Rd: seqdef pmine.Rd: TraMineR Please provide package anchors for all Rd \link{} targets not in the package itself and the base packages. Flavors: r-devel-linux-x86_64-debian-clang, r-devel-linux-x86_64-debian-gcc, r-devel-windows-x86_64, r-patched-linux-x86_64, r-release-linux-x86_64, r-release-windows-x86_64

These binaries (installable software) and packages are in development.
They may not be fully stable and should be used with caution. We make no claims about them.