Last updated on 2025-02-16 10:50:55 CET.
Flavor | Version | Tinstall | Tcheck | Ttotal | Status | Flags |
---|---|---|---|---|---|---|
r-devel-linux-x86_64-debian-clang | 0.94.1 | 13.14 | 107.98 | 121.12 | NOTE | |
r-devel-linux-x86_64-debian-gcc | 0.94.1 | 8.95 | 76.78 | 85.73 | NOTE | |
r-devel-linux-x86_64-fedora-clang | 0.94.1 | 208.82 | OK | |||
r-devel-linux-x86_64-fedora-gcc | 0.94.1 | 180.52 | OK | |||
r-devel-macos-arm64 | 0.94.1 | 52.00 | OK | |||
r-devel-macos-x86_64 | 0.94.1 | 93.00 | OK | |||
r-devel-windows-x86_64 | 0.94.1 | 13.00 | 117.00 | 130.00 | NOTE | |
r-patched-linux-x86_64 | 0.94.1 | 15.42 | 103.23 | 118.65 | OK | |
r-release-linux-x86_64 | 0.94.1 | 12.13 | 102.05 | 114.18 | OK | |
r-release-macos-arm64 | 0.94.1 | 50.00 | OK | |||
r-release-macos-x86_64 | 0.94.1 | 77.00 | OK | |||
r-release-windows-x86_64 | 0.94.1 | 12.00 | 126.00 | 138.00 | OK | |
r-oldrel-macos-arm64 | 0.94.1 | 55.00 | OK | |||
r-oldrel-macos-x86_64 | 0.94.1 | 108.00 | OK | |||
r-oldrel-windows-x86_64 | 0.94.1 | 17.00 | 143.00 | 160.00 | OK |
Version: 0.94.1
Check: Rd cross-references
Result: NOTE
Found the following Rd file(s) with Rd \link{} targets missing package
anchors:
PSTf-class.Rd: TraMineR
cprob.Rd: TraMineR
generate.Rd: TraMineR
plot-PSTr.Rd: seqdef
pmine.Rd: TraMineR
Please provide package anchors for all Rd \link{} targets not in the
package itself and the base packages.
Flavors: r-devel-linux-x86_64-debian-clang, r-devel-linux-x86_64-debian-gcc, r-devel-windows-x86_64
These binaries (installable software) and packages are in development.
They may not be fully stable and should be used with caution. We make no claims about them.