Last updated on 2025-10-23 21:51:37 CEST.
Flavor | Version | Tinstall | Tcheck | Ttotal | Status | Flags |
---|---|---|---|---|---|---|
r-devel-linux-x86_64-debian-clang | 2.0.0 | 6.62 | 45.34 | 51.96 | NOTE | |
r-devel-linux-x86_64-debian-gcc | 2.0.0 | 3.84 | 33.46 | 37.30 | NOTE | |
r-devel-linux-x86_64-fedora-clang | 2.0.0 | 16.00 | 63.37 | 79.37 | OK | |
r-devel-linux-x86_64-fedora-gcc | 2.0.0 | 15.00 | 58.15 | 73.15 | OK | |
r-devel-windows-x86_64 | 2.0.0 | 6.00 | 59.00 | 65.00 | OK | |
r-patched-linux-x86_64 | 2.0.0 | 7.36 | 42.85 | 50.21 | OK | |
r-release-linux-x86_64 | 2.0.0 | 5.47 | 42.73 | 48.20 | OK | |
r-release-macos-arm64 | 2.0.0 | 3.00 | 25.00 | 28.00 | OK | |
r-release-macos-x86_64 | 2.0.0 | 5.00 | 38.00 | 43.00 | OK | |
r-release-windows-x86_64 | 2.0.0 | 6.00 | 60.00 | 66.00 | OK | |
r-oldrel-macos-arm64 | 2.0.0 | 3.00 | 24.00 | 27.00 | OK | |
r-oldrel-macos-x86_64 | 2.0.0 | 4.00 | 30.00 | 34.00 | OK | |
r-oldrel-windows-x86_64 | 2.0.0 | 9.00 | 70.00 | 79.00 | OK |
Version: 2.0.0
Check: CRAN incoming feasibility
Result: NOTE
Maintainer: ‘Didier G. Leibovici <GeotRYcs@gmail.com>’
No Authors@R field in DESCRIPTION.
Please add one, modifying
Authors@R: person(given = c("Didier", "G."),
family = "Leibovici",
role = c("aut", "cre"),
email = "doi:10.18637/jss.v034.i10",
comment = "2010")
as necessary.
Flavors: r-devel-linux-x86_64-debian-clang, r-devel-linux-x86_64-debian-gcc
These binaries (installable software) and packages are in development.
They may not be fully stable and should be used with caution. We make no claims about them.