Last updated on 2025-02-16 10:50:55 CET.
Flavor | Version | Tinstall | Tcheck | Ttotal | Status | Flags |
---|---|---|---|---|---|---|
r-devel-linux-x86_64-debian-clang | 1.7 | 7.00 | 56.33 | 63.33 | NOTE | |
r-devel-linux-x86_64-debian-gcc | 1.7 | 5.22 | 42.18 | 47.40 | NOTE | |
r-devel-linux-x86_64-fedora-clang | 1.7 | 105.46 | NOTE | |||
r-devel-linux-x86_64-fedora-gcc | 1.7 | 92.32 | NOTE | |||
r-devel-macos-arm64 | 1.7 | 32.00 | NOTE | |||
r-devel-macos-x86_64 | 1.7 | 54.00 | NOTE | |||
r-devel-windows-x86_64 | 1.7 | 7.00 | 67.00 | 74.00 | NOTE | |
r-patched-linux-x86_64 | 1.7 | 6.51 | 52.84 | 59.35 | NOTE | |
r-release-linux-x86_64 | 1.7 | 6.93 | 53.18 | 60.11 | NOTE | |
r-release-macos-arm64 | 1.7 | 32.00 | NOTE | |||
r-release-macos-x86_64 | 1.7 | 45.00 | NOTE | |||
r-release-windows-x86_64 | 1.7 | 7.00 | 69.00 | 76.00 | NOTE | |
r-oldrel-macos-arm64 | 1.7 | 36.00 | OK | |||
r-oldrel-macos-x86_64 | 1.7 | 54.00 | OK | |||
r-oldrel-windows-x86_64 | 1.7 | 10.00 | 81.00 | 91.00 | OK |
Version: 1.7
Check: Rd files
Result: NOTE
checkRd: (-1) PTE_bootstrap_inference.Rd:39-42: Lost braces
39 | continuous = function(Xytrain){ #defalt is OLS regression
| ^
checkRd: (-1) PTE_bootstrap_inference.Rd:43-47: Lost braces
43 | incidence = function(Xytrain){ #default is logistic regression
| ^
checkRd: (-1) PTE_bootstrap_inference.Rd:48-52: Lost braces
48 | survival = function(Xytrain){ #default is Weibull regression
| ^
checkRd: (-1) PTE_bootstrap_inference.Rd:66-68: Lost braces
66 | function(mod, Xyleftout){
| ^
checkRd: (-1) PTE_bootstrap_inference.Rd:74-77: Lost braces
74 | function(results, indices_1_1, indices_0_0, indices_0_1, indices_1_0){
| ^
Flavors: r-devel-linux-x86_64-debian-clang, r-devel-linux-x86_64-debian-gcc, r-devel-linux-x86_64-fedora-clang, r-devel-linux-x86_64-fedora-gcc, r-devel-macos-arm64, r-devel-macos-x86_64, r-devel-windows-x86_64, r-patched-linux-x86_64, r-release-linux-x86_64, r-release-macos-arm64, r-release-macos-x86_64, r-release-windows-x86_64
Version: 1.7
Check: dependencies in R code
Result: NOTE
Namespace in Imports field not imported from: ‘grDevices’
All declared Imports should be used.
Flavors: r-devel-linux-x86_64-fedora-clang, r-devel-linux-x86_64-fedora-gcc
These binaries (installable software) and packages are in development.
They may not be fully stable and should be used with caution. We make no claims about them.