CRAN Package Check Results for Package PTERP

Last updated on 2025-10-04 11:50:45 CEST.

Flavor Version Tinstall Tcheck Ttotal Status Flags
r-devel-linux-x86_64-debian-clang 1.0 6.79 56.98 63.77 NOTE
r-devel-linux-x86_64-debian-gcc 1.0 4.85 44.42 49.27 NOTE
r-devel-linux-x86_64-fedora-clang 1.0 96.50 OK
r-devel-linux-x86_64-fedora-gcc 1.0 91.75 OK
r-devel-windows-x86_64 1.0 8.00 73.00 81.00 OK
r-patched-linux-x86_64 1.0 6.84 55.07 61.91 OK
r-release-linux-x86_64 1.0 6.53 54.40 60.93 OK
r-release-macos-arm64 1.0 36.00 OK
r-release-macos-x86_64 1.0 55.00 OK
r-release-windows-x86_64 1.0 8.00 72.00 80.00 OK
r-oldrel-macos-arm64 1.0 32.00 OK
r-oldrel-macos-x86_64 1.0 45.00 OK
r-oldrel-windows-x86_64 1.0 10.00 79.00 89.00 OK

Check Details

Version: 1.0
Check: CRAN incoming feasibility
Result: NOTE Maintainer: ‘Layla Parast <parast@austin.utexas.edu>’ The Description field contains available in Wang et al (2022) <arXiv:2209.08414>. Please refer to arXiv e-prints via their arXiv DOI <doi:10.48550/arXiv.YYMM.NNNNN>. Flavors: r-devel-linux-x86_64-debian-clang, r-devel-linux-x86_64-debian-gcc

These binaries (installable software) and packages are in development.
They may not be fully stable and should be used with caution. We make no claims about them.