Last updated on 2024-07-27 15:50:29 CEST.
Flavor | Version | Tinstall | Tcheck | Ttotal | Status | Flags |
---|---|---|---|---|---|---|
r-devel-linux-x86_64-debian-clang | 1.1.1 | 20.20 | 259.07 | 279.27 | OK | |
r-devel-linux-x86_64-debian-gcc | 1.1.1 | OK | ||||
r-devel-linux-x86_64-fedora-clang | 1.1.1 | 378.07 | NOTE | |||
r-devel-linux-x86_64-fedora-gcc | 1.1.1 | 369.27 | OK | |||
r-devel-windows-x86_64 | 1.1.1 | 24.00 | 214.00 | 238.00 | NOTE | |
r-patched-linux-x86_64 | 1.1.1 | OK | ||||
r-release-linux-x86_64 | 1.1.1 | 14.47 | 247.65 | 262.12 | OK | |
r-release-macos-arm64 | 1.1.1 | 101.00 | NOTE | |||
r-release-macos-x86_64 | 1.1.1 | 143.00 | NOTE | |||
r-release-windows-x86_64 | 1.1.1 | 18.00 | 206.00 | 224.00 | NOTE | |
r-oldrel-macos-arm64 | 1.1.1 | 112.00 | NOTE | |||
r-oldrel-macos-x86_64 | 1.1.1 | 234.00 | NOTE | |||
r-oldrel-windows-x86_64 | 1.1.1 | 29.00 | 263.00 | 292.00 | NOTE |
Version: 1.1.1
Check: installed package size
Result: NOTE
installed size is 7.9Mb
sub-directories of 1Mb or more:
doc 4.0Mb
examples 2.6Mb
Flavors: r-devel-linux-x86_64-fedora-clang, r-devel-windows-x86_64, r-release-macos-arm64, r-release-macos-x86_64, r-release-windows-x86_64, r-oldrel-macos-arm64, r-oldrel-macos-x86_64, r-oldrel-windows-x86_64
These binaries (installable software) and packages are in development.
They may not be fully stable and should be used with caution. We make no claims about them.