CRAN Package Check Results for Package PTwins

Last updated on 2025-11-11 15:50:43 CET.

Flavor Version Tinstall Tcheck Ttotal Status Flags
r-devel-linux-x86_64-debian-clang 0.1.1 1.61 17.56 19.17 OK
r-devel-linux-x86_64-debian-gcc 0.1.1 1.39 15.28 16.67 OK
r-devel-linux-x86_64-fedora-clang 0.1.1 28.61 OK
r-devel-linux-x86_64-fedora-gcc 0.1.1 26.88 OK
r-devel-windows-x86_64 0.1.1 2.00 32.00 34.00 OK
r-patched-linux-x86_64 0.1.1 1.53 16.92 18.45 OK
r-release-linux-x86_64 0.1.1 1.57 16.78 18.35 OK
r-release-macos-arm64 0.1.1 1.00 15.00 16.00 OK
r-release-macos-x86_64 0.1.1 2.00 20.00 22.00 OK
r-release-windows-x86_64 0.1.1 2.00 31.00 33.00 OK
r-oldrel-macos-arm64 0.1.1 1.00 14.00 15.00 NOTE
r-oldrel-macos-x86_64 0.1.1 2.00 18.00 20.00 NOTE
r-oldrel-windows-x86_64 0.1.1 2.00 33.00 35.00 NOTE

Check Details

Version: 0.1.1
Check: LazyData
Result: NOTE 'LazyData' is specified without a 'data' directory Flavors: r-oldrel-macos-arm64, r-oldrel-macos-x86_64, r-oldrel-windows-x86_64

These binaries (installable software) and packages are in development.
They may not be fully stable and should be used with caution. We make no claims about them.