Last updated on 2025-05-01 21:53:14 CEST.
Flavor | Version | Tinstall | Tcheck | Ttotal | Status | Flags |
---|---|---|---|---|---|---|
r-devel-linux-x86_64-debian-clang | 0.1-7 | 25.06 | 146.75 | 171.81 | NOTE | |
r-devel-linux-x86_64-debian-gcc | 0.1-7 | 20.77 | 106.54 | 127.31 | NOTE | |
r-devel-linux-x86_64-fedora-clang | 0.1-7 | 259.17 | OK | |||
r-devel-linux-x86_64-fedora-gcc | 0.1-7 | 259.41 | OK | |||
r-devel-windows-x86_64 | 0.1-7 | 21.00 | 145.00 | 166.00 | NOTE | |
r-patched-linux-x86_64 | 0.1-7 | 24.48 | 142.35 | 166.83 | NOTE | |
r-release-linux-x86_64 | NOTE | |||||
r-release-macos-arm64 | 0.1-7 | 63.00 | OK | |||
r-release-macos-x86_64 | 0.1-7 | 157.00 | OK | |||
r-release-windows-x86_64 | 0.1-7 | 21.00 | 141.00 | 162.00 | NOTE | |
r-oldrel-macos-arm64 | 0.1-7 | 62.00 | OK | |||
r-oldrel-macos-x86_64 | 0.1-7 | 89.00 | OK | |||
r-oldrel-windows-x86_64 | 0.1-7 | 28.00 | 163.00 | 191.00 | OK |
Version: 0.1-7
Check: CRAN incoming feasibility
Result: NOTE
Maintainer: ‘Peter Solymos <psolymos@gmail.com>’
No Authors@R field in DESCRIPTION.
Please add one, modifying
Authors@R: c(person(given = "Khurram",
family = "Nadeem",
role = "aut"),
person(given = "Peter",
family = "Solymos",
role = c("aut", "cre"),
email = "psolymos@gmail.com"))
as necessary.
Flavors: r-devel-linux-x86_64-debian-clang, r-devel-linux-x86_64-debian-gcc
Version: 0.1-7
Check: Rd cross-references
Result: NOTE
Found the following Rd file(s) with Rd \link{} targets missing package
anchors:
pva-class.Rd: dcmle-class
Please provide package anchors for all Rd \link{} targets not in the
package itself and the base packages.
Flavors: r-devel-linux-x86_64-debian-clang, r-devel-linux-x86_64-debian-gcc, r-devel-windows-x86_64, r-patched-linux-x86_64, r-release-linux-x86_64, r-release-windows-x86_64
These binaries (installable software) and packages are in development.
They may not be fully stable and should be used with caution. We make no claims about them.