CRAN Package Check Results for Package PVR

Last updated on 2025-10-23 23:49:41 CEST.

Flavor Version Tinstall Tcheck Ttotal Status Flags
r-devel-linux-x86_64-debian-clang 0.3 5.35 41.25 46.60 NOTE
r-devel-linux-x86_64-debian-gcc 0.3 3.26 32.35 35.61 NOTE
r-devel-linux-x86_64-fedora-clang 0.3 10.00 61.15 71.15 OK
r-devel-linux-x86_64-fedora-gcc 0.3 11.00 55.57 66.57 OK
r-devel-windows-x86_64 0.3 6.00 61.00 67.00 OK
r-patched-linux-x86_64 0.3 4.74 39.98 44.72 OK
r-release-linux-x86_64 0.3 4.31 39.70 44.01 OK
r-release-macos-arm64 0.3 3.00 26.00 29.00 OK
r-release-macos-x86_64 0.3 4.00 38.00 42.00 OK
r-release-windows-x86_64 0.3 6.00 63.00 69.00 OK
r-oldrel-macos-arm64 0.3 3.00 23.00 26.00 OK
r-oldrel-macos-x86_64 0.3 4.00 34.00 38.00 OK
r-oldrel-windows-x86_64 0.3 8.00 76.00 84.00 OK

Check Details

Version: 0.3
Check: CRAN incoming feasibility
Result: NOTE Maintainer: ‘Thiago Santos <thiago.santos@ufvjm.edu.br>’ No Authors@R field in DESCRIPTION. Please add one, modifying Authors@R: person(given = "Thiago", family = "Santos", role = c("aut", "cre"), email = "thiago.santos@ufvjm.edu.br") as necessary. Flavors: r-devel-linux-x86_64-debian-clang, r-devel-linux-x86_64-debian-gcc

These binaries (installable software) and packages are in development.
They may not be fully stable and should be used with caution. We make no claims about them.