Last updated on 2025-05-01 14:49:19 CEST.
Flavor | Version | Tinstall | Tcheck | Ttotal | Status | Flags |
---|---|---|---|---|---|---|
r-devel-linux-x86_64-debian-clang | 0.3 | 5.33 | 39.90 | 45.23 | NOTE | |
r-devel-linux-x86_64-debian-gcc | 0.3 | 4.00 | 31.24 | 35.24 | NOTE | |
r-devel-linux-x86_64-fedora-clang | 0.3 | 68.76 | OK | |||
r-devel-linux-x86_64-fedora-gcc | 0.3 | 67.34 | OK | |||
r-devel-windows-x86_64 | 0.3 | 6.00 | 67.00 | 73.00 | OK | |
r-patched-linux-x86_64 | 0.3 | 4.93 | 37.93 | 42.86 | OK | |
r-release-linux-x86_64 | OK | |||||
r-release-macos-arm64 | 0.3 | 29.00 | OK | |||
r-release-macos-x86_64 | 0.3 | 42.00 | OK | |||
r-release-windows-x86_64 | 0.3 | 7.00 | 71.00 | 78.00 | OK | |
r-oldrel-macos-arm64 | 0.3 | 26.00 | OK | |||
r-oldrel-macos-x86_64 | 0.3 | 38.00 | OK | |||
r-oldrel-windows-x86_64 | 0.3 | 7.00 | 70.00 | 77.00 | OK |
Version: 0.3
Check: CRAN incoming feasibility
Result: NOTE
Maintainer: ‘Thiago Santos <thiago.santos@ufvjm.edu.br>’
No Authors@R field in DESCRIPTION.
Please add one, modifying
Authors@R: person(given = "Thiago",
family = "Santos",
role = c("aut", "cre"),
email = "thiago.santos@ufvjm.edu.br")
as necessary.
Flavors: r-devel-linux-x86_64-debian-clang, r-devel-linux-x86_64-debian-gcc
These binaries (installable software) and packages are in development.
They may not be fully stable and should be used with caution. We make no claims about them.