Last updated on 2025-11-14 21:50:10 CET.
| Flavor | Version | Tinstall | Tcheck | Ttotal | Status | Flags |
|---|---|---|---|---|---|---|
| r-devel-linux-x86_64-debian-clang | 0.0.3.1 | 14.08 | 115.67 | 129.75 | OK | |
| r-devel-linux-x86_64-debian-gcc | 0.0.3.1 | 12.64 | 82.09 | 94.73 | OK | |
| r-devel-linux-x86_64-fedora-clang | 0.0.3.1 | 64.00 | 142.59 | 206.59 | NOTE | |
| r-devel-linux-x86_64-fedora-gcc | 0.0.3.1 | 31.00 | 155.37 | 186.37 | NOTE | |
| r-devel-windows-x86_64 | 0.0.3.1 | 19.00 | 107.00 | 126.00 | OK | |
| r-patched-linux-x86_64 | 0.0.3.1 | 13.09 | 106.40 | 119.49 | OK | |
| r-release-linux-x86_64 | 0.0.3.1 | 14.50 | 101.64 | 116.14 | OK | |
| r-release-macos-arm64 | 0.0.3.1 | 6.00 | 43.00 | 49.00 | OK | |
| r-release-macos-x86_64 | 0.0.3.1 | 15.00 | 102.00 | 117.00 | OK | |
| r-release-windows-x86_64 | 0.0.3.1 | 15.00 | 98.00 | 113.00 | OK | |
| r-oldrel-macos-arm64 | 0.0.3.1 | 5.00 | 54.00 | 59.00 | OK | |
| r-oldrel-macos-x86_64 | 0.0.3.1 | 15.00 | 82.00 | 97.00 | OK | |
| r-oldrel-windows-x86_64 | 0.0.3.1 | 23.00 | 145.00 | 168.00 | OK |
Version: 0.0.3.1
Check: dependencies in R code
Result: NOTE
Namespace in Imports field not imported from: ‘progressr’
All declared Imports should be used.
Flavors: r-devel-linux-x86_64-fedora-clang, r-devel-linux-x86_64-fedora-gcc
These binaries (installable software) and packages are in development.
They may not be fully stable and should be used with caution. We make no claims about them.