CRAN Package Check Results for Package PaRe

Last updated on 2025-10-23 21:51:35 CEST.

Flavor Version Tinstall Tcheck Ttotal Status Flags
r-devel-linux-x86_64-debian-clang 0.1.15 10.15 100.96 111.11 NOTE
r-devel-linux-x86_64-debian-gcc 0.1.15 6.71 69.92 76.63 OK
r-devel-linux-x86_64-fedora-clang 0.1.15 26.00 132.30 158.30 OK
r-devel-linux-x86_64-fedora-gcc 0.1.15 24.00 140.46 164.46 OK
r-devel-windows-x86_64 0.1.15 11.00 105.00 116.00 OK
r-patched-linux-x86_64 0.1.15 10.32 94.50 104.82 OK
r-release-linux-x86_64 0.1.15 8.04 93.94 101.98 OK
r-release-macos-arm64 0.1.15 5.00 53.00 58.00 OK
r-release-macos-x86_64 0.1.15 8.00 86.00 94.00 OK
r-release-windows-x86_64 0.1.15 13.00 107.00 120.00 OK
r-oldrel-macos-arm64 0.1.15 4.00 62.00 66.00 OK
r-oldrel-macos-x86_64 0.1.15 9.00 100.00 109.00 OK
r-oldrel-windows-x86_64 0.1.15 15.00 131.00 146.00 OK

Check Details

Version: 0.1.15
Check: HTML version of manual
Result: NOTE Found the following HTML validation problems: Code.html:106:1 (Code.Rd:56): Warning: <h5> anchor "Usage" already defined Code.html:112:1 (Code.Rd:60): Warning: <h5> anchor "Arguments" already defined Code.html:125:1 (Code.Rd:67): Warning: <h5> anchor "Returns" already defined Code.html:142:1 (Code.Rd:76): Warning: <h5> anchor "Usage" already defined Code.html:148:1 (Code.Rd:80): Warning: <h5> anchor "Returns" already defined Code.html:165:1 (Code.Rd:89): Warning: <h5> anchor "Usage" already defined Code.html:171:1 (Code.Rd:93): Warning: <h5> anchor "Returns" already defined Code.html:188:1 (Code.Rd:102): Warning: <h5> anchor "Usage" already defined Code.html:194:1 (Code.Rd:106): Warning: <h5> anchor "Returns" already defined Code.html:211:1 (Code.Rd:115): Warning: <h5> anchor "Usage" already defined Code.html:217:1 (Code.Rd:119): Warning: <h5> anchor "Arguments" already defined File.html:125:1 (File.Rd:104): Warning: <h5> anchor "Usage" already defined File.html:131:1 (File.Rd:108): Warning: <h5> anchor "Returns" already defined File.html:149:1 (File.Rd:118): Warning: <h5> anchor "Usage" already defined File.html:155:1 (File.Rd:122): Warning: <h5> anchor "Returns" already defined File.html:201:1 (File.Rd:138): Warning: <h5> anchor "Usage" already defined File.html:207:1 (File.Rd:142): Warning: <h5> anchor "Returns" already defined File.html:224:1 (File.Rd:151): Warning: <h5> anchor "Usage" already defined File.html:230:1 (File.Rd:155): Warning: <h5> anchor "Returns" already defined File.html:247:1 (File.Rd:164): Warning: <h5> anchor "Usage" already defined File.html:253:1 (File.Rd:168): Warning: <h5> anchor "Returns" already defined File.html:270:1 (File.Rd:177): Warning: <h5> anchor "Usage" already defined File.html:276:1 (File.Rd:181): Warning: <h5> anchor "Arguments" already defined Function.html:119:1 (Function.Rd:108): Warning: <h5> anchor "Usage" already defined Function.html:125:1 (Function.Rd:112): Warning: <h5> anchor "Returns" already defined Function.html:171:1 (Function.Rd:128): Warning: <h5> anchor "Usage" already defined Function.html:177:1 (Function.Rd:132): Warning: <h5> anchor "Arguments" already defined Repository.html:118:1 (Repository.Rd:91): Warning: <h5> anchor "Usage" already defined Repository.html:124:1 (Repository.Rd:95): Warning: <h5> anchor "Returns" already defined Repository.html:142:1 (Repository.Rd:105): Warning: <h5> anchor "Usage" already defined Repository.html:148:1 (Repository.Rd:109): Warning: <h5> anchor "Returns" already defined Repository.html:166:1 (Repository.Rd:119): Warning: <h5> anchor "Usage" already defined Repository.html:172:1 (Repository.Rd:123): Warning: <h5> anchor "Returns" already defined Repository.html:190:1 (Repository.Rd:133): Warning: <h5> anchor "Usage" already defined Repository.html:196:1 (Repository.Rd:137): Warning: <h5> anchor "Returns" already defined Repository.html:214:1 (Repository.Rd:147): Warning: <h5> anchor "Usage" already defined Repository.html:220:1 (Repository.Rd:151): Warning: <h5> anchor "Returns" already defined Repository.html:239:1 (Repository.Rd:162): Warning: <h5> anchor "Usage" already defined Repository.html:245:1 (Repository.Rd:166): Warning: <h5> anchor "Returns" already defined Repository.html:263:1 (Repository.Rd:176): Warning: <h5> anchor "Usage" already defined Repository.html:269:1 (Repository.Rd:180): Warning: <h5> anchor "Arguments" already defined Repository.html:285:1 (Repository.Rd:190): Warning: <h5> anchor "Returns" already defined Repository.html:302:1 (Repository.Rd:199): Warning: <h5> anchor "Usage" already defined Repository.html:308:1 (Repository.Rd:203): Warning: <h5> anchor "Arguments" already defined Repository.html:321:1 (Repository.Rd:210): Warning: <h5> anchor "Returns" already defined Repository.html:338:1 (Repository.Rd:219): Warning: <h5> anchor "Usage" already defined Repository.html:344:1 (Repository.Rd:223): Warning: <h5> anchor "Returns" already defined Repository.html:390:1 (Repository.Rd:239): Warning: <h5> anchor "Usage" already defined Repository.html:396:1 (Repository.Rd:243): Warning: <h5> anchor "Arguments" already defined Flavor: r-devel-linux-x86_64-debian-clang

These binaries (installable software) and packages are in development.
They may not be fully stable and should be used with caution. We make no claims about them.