Last updated on 2025-02-19 08:50:51 CET.
Flavor | Version | Tinstall | Tcheck | Ttotal | Status | Flags |
---|---|---|---|---|---|---|
r-devel-linux-x86_64-debian-clang | 1.3.6 | 6.84 | 81.97 | 88.81 | NOTE | |
r-devel-linux-x86_64-debian-gcc | 1.3.6 | 4.81 | 61.74 | 66.55 | NOTE | |
r-devel-linux-x86_64-fedora-clang | 1.3.6 | 142.01 | OK | |||
r-devel-linux-x86_64-fedora-gcc | 1.3.6 | 143.35 | OK | |||
r-devel-macos-arm64 | 1.3.6 | 50.00 | OK | |||
r-devel-macos-x86_64 | 1.3.6 | 85.00 | OK | |||
r-devel-windows-x86_64 | 1.3.6 | 7.00 | 88.00 | 95.00 | OK | |
r-patched-linux-x86_64 | 1.3.6 | 7.06 | 76.15 | 83.21 | OK | |
r-release-linux-x86_64 | 1.3.6 | 6.26 | 76.35 | 82.61 | OK | |
r-release-macos-arm64 | 1.3.6 | 44.00 | OK | |||
r-release-macos-x86_64 | 1.3.6 | 68.00 | OK | |||
r-release-windows-x86_64 | 1.3.6 | 8.00 | 85.00 | 93.00 | OK | |
r-oldrel-macos-arm64 | 1.3.6 | 46.00 | OK | |||
r-oldrel-macos-x86_64 | 1.3.6 | 69.00 | OK | |||
r-oldrel-windows-x86_64 | 1.3.6 | 10.00 | 99.00 | 109.00 | OK |
Version: 1.3.6
Check: for unstated dependencies in ‘demo’
Result: NOTE
'library' or 'require' calls not declared from:
‘gclus’ ‘irr’ ‘seriation’
Flavors: r-devel-linux-x86_64-debian-clang, r-devel-linux-x86_64-debian-gcc
These binaries (installable software) and packages are in development.
They may not be fully stable and should be used with caution. We make no claims about them.