Last updated on 2025-05-01 14:49:17 CEST.
Flavor | Version | Tinstall | Tcheck | Ttotal | Status | Flags |
---|---|---|---|---|---|---|
r-devel-linux-x86_64-debian-clang | 1.1.1 | 7.68 | 82.23 | 89.91 | NOTE | |
r-devel-linux-x86_64-debian-gcc | 1.1.1 | 4.71 | 56.80 | 61.51 | NOTE | |
r-devel-linux-x86_64-fedora-clang | 1.1.1 | 129.98 | OK | |||
r-devel-linux-x86_64-fedora-gcc | 1.1.1 | 122.41 | OK | |||
r-devel-windows-x86_64 | 1.1.1 | 9.00 | 105.00 | 114.00 | OK | |
r-patched-linux-x86_64 | 1.1.1 | 8.43 | 76.67 | 85.10 | OK | |
r-release-linux-x86_64 | OK | |||||
r-release-macos-arm64 | 1.1.1 | 45.00 | OK | |||
r-release-macos-x86_64 | 1.1.1 | 68.00 | OK | |||
r-release-windows-x86_64 | 1.1.1 | 10.00 | 107.00 | 117.00 | OK | |
r-oldrel-macos-arm64 | 1.1.1 | 36.00 | OK | |||
r-oldrel-macos-x86_64 | 1.1.1 | 60.00 | OK | |||
r-oldrel-windows-x86_64 | 1.1.1 | 12.00 | 131.00 | 143.00 | OK |
Version: 1.1.1
Check: CRAN incoming feasibility
Result: NOTE
Maintainer: ‘Stephane Champely <champely@univ-lyon1.fr>’
No Authors@R field in DESCRIPTION.
Please add one, modifying
Authors@R: person(given = "Stephane",
family = "Champely",
role = c("aut", "cre"),
email = "champely@univ-lyon1.fr")
as necessary.
Flavors: r-devel-linux-x86_64-debian-clang, r-devel-linux-x86_64-debian-gcc
These binaries (installable software) and packages are in development.
They may not be fully stable and should be used with caution. We make no claims about them.