Last updated on 2025-02-16 10:50:54 CET.
Flavor | Version | Tinstall | Tcheck | Ttotal | Status | Flags |
---|---|---|---|---|---|---|
r-devel-linux-x86_64-debian-clang | 1.0.0 | 5.89 | 39.96 | 45.85 | OK | |
r-devel-linux-x86_64-debian-gcc | 1.0.0 | 4.76 | 29.48 | 34.24 | OK | |
r-devel-linux-x86_64-fedora-clang | 1.0.0 | 78.79 | NOTE | |||
r-devel-linux-x86_64-fedora-gcc | 1.0.0 | 82.51 | NOTE | |||
r-devel-macos-arm64 | 1.0.0 | 31.00 | OK | |||
r-devel-macos-x86_64 | 1.0.0 | 56.00 | OK | |||
r-devel-windows-x86_64 | 1.0.0 | 8.00 | 67.00 | 75.00 | OK | |
r-patched-linux-x86_64 | 1.0.0 | 5.97 | 37.10 | 43.07 | OK | |
r-release-linux-x86_64 | 1.0.0 | 5.81 | 37.02 | 42.83 | OK | |
r-release-macos-arm64 | 1.0.0 | 29.00 | OK | |||
r-release-macos-x86_64 | 1.0.0 | 46.00 | OK | |||
r-release-windows-x86_64 | 1.0.0 | 8.00 | 61.00 | 69.00 | OK | |
r-oldrel-macos-arm64 | 1.0.0 | 33.00 | OK | |||
r-oldrel-macos-x86_64 | 1.0.0 | 48.00 | OK | |||
r-oldrel-windows-x86_64 | 1.0.0 | 9.00 | 62.00 | 71.00 | OK |
Version: 1.0.0
Check: dependencies in R code
Result: NOTE
Namespace in Imports field not imported from: ‘stats’
All declared Imports should be used.
Flavors: r-devel-linux-x86_64-fedora-clang, r-devel-linux-x86_64-fedora-gcc
These binaries (installable software) and packages are in development.
They may not be fully stable and should be used with caution. We make no claims about them.