Last updated on 2025-10-23 17:50:56 CEST.
| Flavor | Version | Tinstall | Tcheck | Ttotal | Status | Flags |
|---|---|---|---|---|---|---|
| r-devel-linux-x86_64-debian-clang | 0.1.0 | 3.08 | 26.83 | 29.91 | NOTE | |
| r-devel-linux-x86_64-debian-gcc | 0.1.0 | 2.50 | 21.08 | 23.58 | NOTE | |
| r-devel-linux-x86_64-fedora-clang | 0.1.0 | 44.36 | NOTE | |||
| r-devel-linux-x86_64-fedora-gcc | 0.1.0 | 43.04 | NOTE | |||
| r-devel-windows-x86_64 | 0.1.0 | 4.00 | 50.00 | 54.00 | NOTE | |
| r-patched-linux-x86_64 | 0.1.0 | 3.31 | 24.90 | 28.21 | NOTE | |
| r-release-linux-x86_64 | 0.1.0 | 2.92 | 24.82 | 27.74 | NOTE | |
| r-release-macos-arm64 | 0.1.0 | 2.00 | 17.00 | 19.00 | NOTE | |
| r-release-macos-x86_64 | 0.1.0 | 3.00 | 25.00 | 28.00 | NOTE | |
| r-release-windows-x86_64 | 0.1.0 | 4.00 | 51.00 | 55.00 | NOTE | |
| r-oldrel-macos-arm64 | 0.1.0 | 2.00 | 17.00 | 19.00 | NOTE | |
| r-oldrel-macos-x86_64 | 0.1.0 | 3.00 | 22.00 | 25.00 | NOTE | |
| r-oldrel-windows-x86_64 | 0.1.0 | 5.00 | 56.00 | 61.00 | NOTE |
Version: 0.1.0
Check: Rd files
Result: NOTE
checkRd: (-1) MICS2014Ch.Rd:296: Lost braces in \enumerate; meant \describe ?
checkRd: (-1) MICS2014Ch.Rd:297: Lost braces in \enumerate; meant \describe ?
Flavors: r-devel-linux-x86_64-debian-clang, r-devel-linux-x86_64-debian-gcc, r-devel-linux-x86_64-fedora-clang, r-devel-linux-x86_64-fedora-gcc, r-devel-windows-x86_64, r-patched-linux-x86_64, r-release-linux-x86_64, r-release-macos-arm64, r-release-macos-x86_64, r-release-windows-x86_64, r-oldrel-macos-arm64, r-oldrel-macos-x86_64, r-oldrel-windows-x86_64
Version: 0.1.0
Check: dependencies in R code
Result: NOTE
Namespace in Imports field not imported from: ‘stats’
All declared Imports should be used.
Flavors: r-devel-linux-x86_64-fedora-clang, r-devel-linux-x86_64-fedora-gcc
These binaries (installable software) and packages are in development.
They may not be fully stable and should be used with caution. We make no claims about them.