Last updated on 2025-02-16 10:50:54 CET.
Flavor | Version | Tinstall | Tcheck | Ttotal | Status | Flags |
---|---|---|---|---|---|---|
r-devel-linux-x86_64-debian-clang | 0.1.1 | 28.04 | 25.07 | 53.11 | NOTE | |
r-devel-linux-x86_64-debian-gcc | 0.1.1 | 21.84 | 20.65 | 42.49 | NOTE | |
r-devel-linux-x86_64-fedora-clang | 0.1.1 | 90.46 | NOTE | |||
r-devel-linux-x86_64-fedora-gcc | 0.1.1 | 86.66 | NOTE | |||
r-devel-macos-arm64 | 0.1.1 | 36.00 | NOTE | |||
r-devel-macos-x86_64 | 0.1.1 | 52.00 | NOTE | |||
r-devel-windows-x86_64 | 0.1.1 | 26.00 | 52.00 | 78.00 | NOTE | |
r-patched-linux-x86_64 | 0.1.1 | 27.86 | 24.03 | 51.89 | NOTE | |
r-release-linux-x86_64 | 0.1.1 | 28.60 | 23.95 | 52.55 | NOTE | |
r-release-macos-arm64 | 0.1.1 | 38.00 | NOTE | |||
r-release-macos-x86_64 | 0.1.1 | 45.00 | NOTE | |||
r-release-windows-x86_64 | 0.1.1 | 28.00 | 53.00 | 81.00 | NOTE | |
r-oldrel-macos-arm64 | 0.1.1 | 41.00 | OK | |||
r-oldrel-macos-x86_64 | 0.1.1 | 56.00 | OK | |||
r-oldrel-windows-x86_64 | 0.1.1 | 28.00 | 54.00 | 82.00 | OK |
Version: 0.1.1
Check: Rd files
Result: NOTE
checkRd: (-1) MICS2014HL.Rd:109: Lost braces in \enumerate; meant \describe ?
checkRd: (-1) MICS2014HL.Rd:110: Lost braces in \enumerate; meant \describe ?
Flavors: r-devel-linux-x86_64-debian-clang, r-devel-linux-x86_64-debian-gcc, r-devel-linux-x86_64-fedora-clang, r-devel-linux-x86_64-fedora-gcc, r-devel-macos-arm64, r-devel-macos-x86_64, r-devel-windows-x86_64, r-patched-linux-x86_64, r-release-linux-x86_64, r-release-macos-arm64, r-release-macos-x86_64, r-release-windows-x86_64
Version: 0.1.1
Check: dependencies in R code
Result: NOTE
Namespace in Imports field not imported from: ‘stats’
All declared Imports should be used.
Flavors: r-devel-linux-x86_64-fedora-clang, r-devel-linux-x86_64-fedora-gcc
These binaries (installable software) and packages are in development.
They may not be fully stable and should be used with caution. We make no claims about them.