Last updated on 2025-10-23 11:50:21 CEST.
Flavor | Version | Tinstall | Tcheck | Ttotal | Status | Flags |
---|---|---|---|---|---|---|
r-devel-linux-x86_64-debian-clang | 0.1.1 | 26.94 | 29.17 | 56.11 | NOTE | |
r-devel-linux-x86_64-debian-gcc | 0.1.1 | 19.58 | 23.53 | 43.11 | NOTE | |
r-devel-linux-x86_64-fedora-clang | 0.1.1 | 53.00 | 33.32 | 86.32 | NOTE | |
r-devel-linux-x86_64-fedora-gcc | 0.1.1 | 50.00 | 32.08 | 82.08 | NOTE | |
r-devel-windows-x86_64 | 0.1.1 | 24.00 | 51.00 | 75.00 | NOTE | |
r-patched-linux-x86_64 | 0.1.1 | 27.41 | 27.22 | 54.63 | NOTE | |
r-release-linux-x86_64 | 0.1.1 | 25.79 | 27.51 | 53.30 | NOTE | |
r-release-macos-arm64 | 0.1.1 | 16.00 | 18.00 | 34.00 | NOTE | |
r-release-macos-x86_64 | 0.1.1 | 27.00 | 30.00 | 57.00 | NOTE | |
r-release-windows-x86_64 | 0.1.1 | 24.00 | 53.00 | 77.00 | NOTE | |
r-oldrel-macos-arm64 | 0.1.1 | 18.00 | 19.00 | 37.00 | NOTE | |
r-oldrel-macos-x86_64 | 0.1.1 | 19.00 | 24.00 | 43.00 | NOTE | |
r-oldrel-windows-x86_64 | 0.1.1 | 27.00 | 57.00 | 84.00 | NOTE |
Version: 0.1.1
Check: Rd files
Result: NOTE
checkRd: (-1) MICS2014Wm.Rd:336: Lost braces in \enumerate; meant \describe ?
checkRd: (-1) MICS2014Wm.Rd:337: Lost braces in \enumerate; meant \describe ?
Flavors: r-devel-linux-x86_64-debian-clang, r-devel-linux-x86_64-debian-gcc, r-devel-linux-x86_64-fedora-clang, r-devel-linux-x86_64-fedora-gcc, r-devel-windows-x86_64, r-patched-linux-x86_64, r-release-linux-x86_64, r-release-macos-arm64, r-release-macos-x86_64, r-release-windows-x86_64, r-oldrel-macos-arm64, r-oldrel-macos-x86_64, r-oldrel-windows-x86_64
Version: 0.1.1
Check: dependencies in R code
Result: NOTE
Namespace in Imports field not imported from: ‘stats’
All declared Imports should be used.
Flavors: r-devel-linux-x86_64-fedora-clang, r-devel-linux-x86_64-fedora-gcc
These binaries (installable software) and packages are in development.
They may not be fully stable and should be used with caution. We make no claims about them.