Last updated on 2025-11-15 17:48:57 CET.
| Flavor | Version | Tinstall | Tcheck | Ttotal | Status | Flags |
|---|---|---|---|---|---|---|
| r-devel-linux-x86_64-debian-clang | 0.1.1 | 28.10 | 29.01 | 57.11 | NOTE | |
| r-devel-linux-x86_64-debian-gcc | 0.1.1 | 18.58 | 23.36 | 41.94 | NOTE | |
| r-devel-linux-x86_64-fedora-clang | 0.1.1 | 59.00 | 27.71 | 86.71 | NOTE | |
| r-devel-linux-x86_64-fedora-gcc | 0.1.1 | 51.00 | 31.52 | 82.52 | NOTE | |
| r-devel-windows-x86_64 | 0.1.1 | 28.00 | 52.00 | 80.00 | NOTE | |
| r-patched-linux-x86_64 | 0.1.1 | 27.24 | 27.52 | 54.76 | NOTE | |
| r-release-linux-x86_64 | 0.1.1 | 27.20 | 27.25 | 54.45 | NOTE | |
| r-release-macos-arm64 | 0.1.1 | 16.00 | 18.00 | 34.00 | NOTE | |
| r-release-macos-x86_64 | 0.1.1 | 27.00 | 30.00 | 57.00 | NOTE | |
| r-release-windows-x86_64 | 0.1.1 | 27.00 | 52.00 | 79.00 | NOTE | |
| r-oldrel-macos-arm64 | 0.1.1 | 18.00 | 19.00 | 37.00 | NOTE | |
| r-oldrel-macos-x86_64 | 0.1.1 | 19.00 | 24.00 | 43.00 | NOTE | |
| r-oldrel-windows-x86_64 | 0.1.1 | 24.00 | 57.00 | 81.00 | NOTE |
Version: 0.1.1
Check: Rd files
Result: NOTE
checkRd: (-1) MICS2014Wm.Rd:336: Lost braces in \enumerate; meant \describe ?
checkRd: (-1) MICS2014Wm.Rd:337: Lost braces in \enumerate; meant \describe ?
Flavors: r-devel-linux-x86_64-debian-clang, r-devel-linux-x86_64-debian-gcc, r-devel-linux-x86_64-fedora-clang, r-devel-linux-x86_64-fedora-gcc, r-devel-windows-x86_64, r-patched-linux-x86_64, r-release-linux-x86_64, r-release-macos-arm64, r-release-macos-x86_64, r-release-windows-x86_64, r-oldrel-macos-arm64, r-oldrel-macos-x86_64, r-oldrel-windows-x86_64
Version: 0.1.1
Check: dependencies in R code
Result: NOTE
Namespace in Imports field not imported from: ‘stats’
All declared Imports should be used.
Flavors: r-devel-linux-x86_64-fedora-clang, r-devel-linux-x86_64-fedora-gcc
These binaries (installable software) and packages are in development.
They may not be fully stable and should be used with caution. We make no claims about them.