Last updated on 2025-07-27 11:49:33 CEST.
Flavor | Version | Tinstall | Tcheck | Ttotal | Status | Flags |
---|---|---|---|---|---|---|
r-devel-linux-x86_64-debian-clang | 0.1.1 | 27.43 | 27.41 | 54.84 | NOTE | |
r-devel-linux-x86_64-debian-gcc | 0.1.1 | 19.62 | 22.58 | 42.20 | NOTE | |
r-devel-linux-x86_64-fedora-clang | 0.1.1 | 83.43 | NOTE | |||
r-devel-linux-x86_64-fedora-gcc | 0.1.1 | 83.45 | NOTE | |||
r-devel-windows-x86_64 | 0.1.1 | 25.00 | 62.00 | 87.00 | NOTE | |
r-patched-linux-x86_64 | 0.1.1 | 27.39 | 26.06 | 53.45 | NOTE | |
r-release-linux-x86_64 | 0.1.1 | 25.77 | 25.67 | 51.44 | NOTE | |
r-release-macos-arm64 | 0.1.1 | 34.00 | NOTE | |||
r-release-macos-x86_64 | 0.1.1 | 57.00 | NOTE | |||
r-release-windows-x86_64 | 0.1.1 | 24.00 | 54.00 | 78.00 | NOTE | |
r-oldrel-macos-arm64 | 0.1.1 | 37.00 | NOTE | |||
r-oldrel-macos-x86_64 | 0.1.1 | 43.00 | NOTE | |||
r-oldrel-windows-x86_64 | 0.1.1 | 27.00 | 57.00 | 84.00 | NOTE |
Version: 0.1.1
Check: Rd files
Result: NOTE
checkRd: (-1) MICS2014Wm.Rd:336: Lost braces in \enumerate; meant \describe ?
checkRd: (-1) MICS2014Wm.Rd:337: Lost braces in \enumerate; meant \describe ?
Flavors: r-devel-linux-x86_64-debian-clang, r-devel-linux-x86_64-debian-gcc, r-devel-linux-x86_64-fedora-clang, r-devel-linux-x86_64-fedora-gcc, r-devel-windows-x86_64, r-patched-linux-x86_64, r-release-linux-x86_64, r-release-macos-arm64, r-release-macos-x86_64, r-release-windows-x86_64, r-oldrel-macos-arm64, r-oldrel-macos-x86_64, r-oldrel-windows-x86_64
Version: 0.1.1
Check: dependencies in R code
Result: NOTE
Namespace in Imports field not imported from: ‘stats’
All declared Imports should be used.
Flavors: r-devel-linux-x86_64-fedora-clang, r-devel-linux-x86_64-fedora-gcc
These binaries (installable software) and packages are in development.
They may not be fully stable and should be used with caution. We make no claims about them.