Last updated on 2025-05-07 22:48:35 CEST.
Flavor | Version | Tinstall | Tcheck | Ttotal | Status | Flags |
---|---|---|---|---|---|---|
r-devel-linux-x86_64-debian-clang | 0.1.0 | 4.91 | 34.27 | 39.18 | NOTE | |
r-devel-linux-x86_64-debian-gcc | 0.1.0 | 3.79 | 26.19 | 29.98 | NOTE | |
r-devel-linux-x86_64-fedora-clang | 0.1.0 | 63.43 | NOTE | |||
r-devel-linux-x86_64-fedora-gcc | 0.1.0 | 74.50 | NOTE | |||
r-devel-windows-x86_64 | 0.1.0 | 7.00 | 53.00 | 60.00 | NOTE | |
r-patched-linux-x86_64 | 0.1.0 | 4.99 | 32.22 | 37.21 | NOTE | |
r-release-linux-x86_64 | 0.1.0 | 4.73 | 32.73 | 37.46 | NOTE | |
r-release-macos-arm64 | 0.1.0 | 33.00 | NOTE | |||
r-release-macos-x86_64 | 0.1.0 | 54.00 | NOTE | |||
r-release-windows-x86_64 | 0.1.0 | 7.00 | 55.00 | 62.00 | NOTE | |
r-oldrel-macos-arm64 | 0.1.0 | 30.00 | NOTE | |||
r-oldrel-macos-x86_64 | 0.1.0 | 42.00 | NOTE | |||
r-oldrel-windows-x86_64 | 0.1.0 | 8.00 | 60.00 | 68.00 | NOTE |
Version: 0.1.0
Check: CRAN incoming feasibility
Result: NOTE
Maintainer: ‘Muhammad Yaseen <myaseen208@gmail.com>’
No Authors@R field in DESCRIPTION.
Please add one, modifying
Authors@R: c(person(given = "Muhammad",
family = "Yaseen",
role = c("aut", "cre"),
email = "myaseen208@gmail.com"),
person(given = "Muhammad",
family = "Usman",
role = "ctb"))
as necessary.
Flavors: r-devel-linux-x86_64-debian-clang, r-devel-linux-x86_64-debian-gcc
Version: 0.1.0
Check: Rd files
Result: NOTE
checkRd: (-1) PakPMICS2018bh.Rd:88: Lost braces in \enumerate; meant \describe ?
checkRd: (-1) PakPMICS2018bh.Rd:89: Lost braces in \enumerate; meant \describe ?
Flavors: r-devel-linux-x86_64-debian-clang, r-devel-linux-x86_64-debian-gcc, r-devel-linux-x86_64-fedora-clang, r-devel-linux-x86_64-fedora-gcc, r-devel-windows-x86_64, r-patched-linux-x86_64, r-release-linux-x86_64, r-release-macos-arm64, r-release-macos-x86_64, r-release-windows-x86_64, r-oldrel-macos-arm64, r-oldrel-macos-x86_64, r-oldrel-windows-x86_64
These binaries (installable software) and packages are in development.
They may not be fully stable and should be used with caution. We make no claims about them.