Last updated on 2025-05-07 22:48:35 CEST.
Flavor | Version | Tinstall | Tcheck | Ttotal | Status | Flags |
---|---|---|---|---|---|---|
r-devel-linux-x86_64-debian-clang | 0.1.0 | 8.07 | 38.60 | 46.67 | NOTE | |
r-devel-linux-x86_64-debian-gcc | 0.1.0 | 5.52 | 29.02 | 34.54 | NOTE | |
r-devel-linux-x86_64-fedora-clang | 0.1.0 | 74.09 | NOTE | |||
r-devel-linux-x86_64-fedora-gcc | 0.1.0 | 84.10 | NOTE | |||
r-devel-windows-x86_64 | 0.1.0 | 9.00 | 56.00 | 65.00 | NOTE | |
r-patched-linux-x86_64 | 0.1.0 | 7.87 | 36.11 | 43.98 | NOTE | |
r-release-linux-x86_64 | 0.1.0 | 8.22 | 36.42 | 44.64 | NOTE | |
r-release-macos-arm64 | 0.1.0 | 43.00 | NOTE | |||
r-release-macos-x86_64 | 0.1.0 | 60.00 | NOTE | |||
r-release-windows-x86_64 | 0.1.0 | 10.00 | 58.00 | 68.00 | NOTE | |
r-oldrel-macos-arm64 | 0.1.0 | 32.00 | NOTE | |||
r-oldrel-macos-x86_64 | 0.1.0 | 45.00 | NOTE | |||
r-oldrel-windows-x86_64 | 0.1.0 | 13.00 | 65.00 | 78.00 | NOTE |
Version: 0.1.0
Check: CRAN incoming feasibility
Result: NOTE
Maintainer: ‘Muhammad Yaseen <myaseen208@gmail.com>’
No Authors@R field in DESCRIPTION.
Please add one, modifying
Authors@R: c(person(given = "Muhammad",
family = "Yaseen",
role = c("aut", "cre"),
email = "myaseen208@gmail.com"),
person(given = "Muhammad",
family = "Usman",
role = "ctb"))
as necessary.
Flavors: r-devel-linux-x86_64-debian-clang, r-devel-linux-x86_64-debian-gcc
Version: 0.1.0
Check: Rd files
Result: NOTE
checkRd: (-1) PakPMICS2018fs.Rd:308: Lost braces in \enumerate; meant \describe ?
checkRd: (-1) PakPMICS2018fs.Rd:309: Lost braces in \enumerate; meant \describe ?
Flavors: r-devel-linux-x86_64-debian-clang, r-devel-linux-x86_64-debian-gcc, r-devel-linux-x86_64-fedora-clang, r-devel-linux-x86_64-fedora-gcc, r-devel-windows-x86_64, r-patched-linux-x86_64, r-release-linux-x86_64, r-release-macos-arm64, r-release-macos-x86_64, r-release-windows-x86_64, r-oldrel-macos-arm64, r-oldrel-macos-x86_64, r-oldrel-windows-x86_64
These binaries (installable software) and packages are in development.
They may not be fully stable and should be used with caution. We make no claims about them.