Last updated on 2025-02-16 10:50:54 CET.
Flavor | Version | Tinstall | Tcheck | Ttotal | Status | Flags |
---|---|---|---|---|---|---|
r-devel-linux-x86_64-debian-clang | 0.1.0 | 5.12 | 34.32 | 39.44 | NOTE | |
r-devel-linux-x86_64-debian-gcc | 0.1.0 | 3.99 | 26.49 | 30.48 | NOTE | |
r-devel-linux-x86_64-fedora-clang | 0.1.0 | 72.42 | NOTE | |||
r-devel-linux-x86_64-fedora-gcc | 0.1.0 | 77.84 | NOTE | |||
r-devel-macos-arm64 | 0.1.0 | 32.00 | NOTE | |||
r-devel-macos-x86_64 | 0.1.0 | 56.00 | NOTE | |||
r-devel-windows-x86_64 | 0.1.0 | 8.00 | 55.00 | 63.00 | NOTE | |
r-patched-linux-x86_64 | 0.1.0 | 5.34 | 32.66 | 38.00 | NOTE | |
r-release-linux-x86_64 | 0.1.0 | 5.42 | 32.33 | 37.75 | NOTE | |
r-release-macos-arm64 | 0.1.0 | 28.00 | NOTE | |||
r-release-macos-x86_64 | 0.1.0 | 41.00 | NOTE | |||
r-release-windows-x86_64 | 0.1.0 | 8.00 | 64.00 | 72.00 | NOTE | |
r-oldrel-macos-arm64 | 0.1.0 | 32.00 | OK | |||
r-oldrel-macos-x86_64 | 0.1.0 | 47.00 | OK | |||
r-oldrel-windows-x86_64 | 0.1.0 | 12.00 | 89.00 | 101.00 | OK |
Version: 0.1.0
Check: Rd files
Result: NOTE
checkRd: (-1) PakPMICS2018mm.Rd:69: Lost braces in \enumerate; meant \describe ?
checkRd: (-1) PakPMICS2018mm.Rd:70: Lost braces in \enumerate; meant \describe ?
Flavors: r-devel-linux-x86_64-debian-clang, r-devel-linux-x86_64-debian-gcc, r-devel-linux-x86_64-fedora-clang, r-devel-linux-x86_64-fedora-gcc, r-devel-macos-arm64, r-devel-macos-x86_64, r-devel-windows-x86_64, r-patched-linux-x86_64, r-release-linux-x86_64, r-release-macos-arm64, r-release-macos-x86_64, r-release-windows-x86_64
These binaries (installable software) and packages are in development.
They may not be fully stable and should be used with caution. We make no claims about them.