Last updated on 2025-11-11 17:50:08 CET.
| Flavor | Version | Tinstall | Tcheck | Ttotal | Status | Flags |
|---|---|---|---|---|---|---|
| r-devel-linux-x86_64-debian-clang | 1.6 | 6.78 | 54.49 | 61.27 | NOTE | |
| r-devel-linux-x86_64-debian-gcc | 1.6 | 4.77 | 41.32 | 46.09 | NOTE | |
| r-devel-linux-x86_64-fedora-clang | 1.6 | 11.00 | 80.40 | 91.40 | NOTE | |
| r-devel-linux-x86_64-fedora-gcc | 1.6 | 13.00 | 73.06 | 86.06 | NOTE | |
| r-devel-windows-x86_64 | 1.6 | 7.00 | 69.00 | 76.00 | NOTE | |
| r-patched-linux-x86_64 | 1.6 | 5.69 | 52.02 | 57.71 | NOTE | |
| r-release-linux-x86_64 | 1.6 | 6.53 | 52.11 | 58.64 | NOTE | |
| r-release-macos-arm64 | 1.6 | 5.00 | 31.00 | 36.00 | NOTE | |
| r-release-macos-x86_64 | 1.6 | 7.00 | 56.00 | 63.00 | NOTE | |
| r-release-windows-x86_64 | 1.6 | 7.00 | 66.00 | 73.00 | NOTE | |
| r-oldrel-macos-arm64 | 1.6 | 3.00 | 26.00 | 29.00 | NOTE | |
| r-oldrel-macos-x86_64 | 1.6 | 4.00 | 40.00 | 44.00 | NOTE | |
| r-oldrel-windows-x86_64 | 1.6 | 9.00 | 84.00 | 93.00 | NOTE |
Version: 1.6
Check: CRAN incoming feasibility
Result: NOTE
Maintainer: ‘Cathrine Ulla Jensen <cuj@ifro.ku.dk>’
No Authors@R field in DESCRIPTION.
Please add one, modifying
Authors@R: c(person(given = c("Toke", "Emil"),
family = "Panduro",
role = "aut",
email = "tepp@ifro.ku.dk"),
person(given = c("Cathrine", "Ulla"),
family = "Jensen",
role = c("aut", "cre"),
email = "cuj@ifro.ku.dk"))
as necessary.
Flavors: r-devel-linux-x86_64-debian-clang, r-devel-linux-x86_64-debian-gcc
Version: 1.6
Check: Rd files
Result: NOTE
checkRd: (-1) hvidovre.Rd:11: Lost braces
11 | \item{\code{roof_tile}}{a numeric vector, roof_tile}{dummy, roof made out of tiles =1}
| ^
checkRd: (-1) hvidovre.Rd:25: Lost braces
25 | \item{\code{railways}}{a numeric vector, railways}{distance to nearest railway in meters}
| ^
checkRd: (-1) hvidovre.Rd:26: Lost braces
26 | \item{\code{nature_SLD}}{a numeric vector, nature_SLD}{distance to nearest nature area in meters}
| ^
Flavors: r-devel-linux-x86_64-debian-clang, r-devel-linux-x86_64-debian-gcc, r-devel-linux-x86_64-fedora-clang, r-devel-linux-x86_64-fedora-gcc, r-devel-windows-x86_64, r-patched-linux-x86_64, r-release-linux-x86_64, r-release-macos-arm64, r-release-macos-x86_64, r-release-windows-x86_64, r-oldrel-macos-arm64, r-oldrel-macos-x86_64, r-oldrel-windows-x86_64
These binaries (installable software) and packages are in development.
They may not be fully stable and should be used with caution. We make no claims about them.