CRAN Package Check Results for Package PanelCount

Last updated on 2025-07-02 01:51:45 CEST.

Flavor Version Tinstall Tcheck Ttotal Status Flags
r-devel-linux-x86_64-debian-clang 2.0.1 22.94 105.85 128.79 NOTE
r-devel-linux-x86_64-debian-gcc 2.0.1 14.75 75.50 90.25 NOTE
r-devel-linux-x86_64-fedora-clang 2.0.1 225.80 OK
r-devel-linux-x86_64-fedora-gcc 2.0.1 225.01 OK
r-devel-windows-x86_64 2.0.1 26.00 211.00 237.00 OK
r-patched-linux-x86_64 OK
r-release-linux-x86_64 2.0.1 18.15 101.32 119.47 OK
r-release-macos-arm64 2.0.1 77.00 OK
r-release-macos-x86_64 2.0.1 139.00 OK
r-release-windows-x86_64 2.0.1 27.00 221.00 248.00 OK
r-oldrel-macos-arm64 2.0.1 70.00 OK
r-oldrel-macos-x86_64 2.0.1 99.00 OK
r-oldrel-windows-x86_64 2.0.1 26.00 246.00 272.00 OK

Check Details

Version: 2.0.1
Check: CRAN incoming feasibility
Result: NOTE Maintainer: ‘Jing Peng <jing.peng@uconn.edu>’ No Authors@R field in DESCRIPTION. Please add one, modifying Authors@R: person(given = "Jing", family = "Peng", role = c("aut", "cre"), email = "jing.peng@uconn.edu") as necessary. Flavors: r-devel-linux-x86_64-debian-clang, r-devel-linux-x86_64-debian-gcc

These binaries (installable software) and packages are in development.
They may not be fully stable and should be used with caution. We make no claims about them.