CRAN Package Check Results for Package PantaRhei

Last updated on 2025-05-08 04:52:13 CEST.

Flavor Version Tinstall Tcheck Ttotal Status Flags
r-devel-linux-x86_64-debian-clang 0.1.2 4.24 41.26 45.50 OK
r-devel-linux-x86_64-debian-gcc 0.1.2 2.91 31.66 34.57 OK
r-devel-linux-x86_64-fedora-clang 0.1.2 69.13 NOTE
r-devel-linux-x86_64-fedora-gcc 0.1.2 79.13 NOTE
r-devel-windows-x86_64 0.1.2 5.00 55.00 60.00 OK
r-patched-linux-x86_64 0.1.2 3.50 39.64 43.14 OK
r-release-linux-x86_64 0.1.2 3.65 40.19 43.84 OK
r-release-macos-arm64 0.1.2 28.00 OK
r-release-macos-x86_64 0.1.2 56.00 OK
r-release-windows-x86_64 0.1.2 6.00 57.00 63.00 OK
r-oldrel-macos-arm64 0.1.2 27.00 OK
r-oldrel-macos-x86_64 0.1.2 43.00 OK
r-oldrel-windows-x86_64 0.1.2 5.00 61.00 66.00 OK

Check Details

Version: 0.1.2
Check: dependencies in R code
Result: NOTE Namespace in Imports field not imported from: ‘utils’ All declared Imports should be used. Flavors: r-devel-linux-x86_64-fedora-clang, r-devel-linux-x86_64-fedora-gcc

These binaries (installable software) and packages are in development.
They may not be fully stable and should be used with caution. We make no claims about them.