Last updated on 2025-05-01 08:52:40 CEST.
Flavor | Version | Tinstall | Tcheck | Ttotal | Status | Flags |
---|---|---|---|---|---|---|
r-devel-linux-x86_64-debian-clang | 1.2.6 | 7.68 | 142.79 | 150.47 | NOTE | |
r-devel-linux-x86_64-debian-gcc | 1.2.6 | 5.41 | 109.06 | 114.47 | NOTE | |
r-devel-linux-x86_64-fedora-clang | 1.2.6 | 227.71 | OK | |||
r-devel-linux-x86_64-fedora-gcc | 1.2.6 | 253.30 | OK | |||
r-devel-windows-x86_64 | 1.2.6 | 10.00 | 132.00 | 142.00 | OK | |
r-patched-linux-x86_64 | 1.2.6 | 8.04 | 140.06 | 148.10 | OK | |
r-release-linux-x86_64 | OK | |||||
r-release-macos-arm64 | 1.2.6 | 67.00 | OK | |||
r-release-macos-x86_64 | 1.2.6 | 129.00 | OK | |||
r-release-windows-x86_64 | 1.2.6 | 9.00 | 133.00 | 142.00 | OK | |
r-oldrel-macos-arm64 | 1.2.6 | 65.00 | OK | |||
r-oldrel-macos-x86_64 | 1.2.6 | 97.00 | OK | |||
r-oldrel-windows-x86_64 | 1.2.6 | 11.00 | 176.00 | 187.00 | OK |
Version: 1.2.6
Check: CRAN incoming feasibility
Result: NOTE
Maintainer: ‘Samuel Wilson <samwilson303@gmail.com>’
The Description field contains
al. <arXiv:1206.2944>. The package allows the user to run scoring
Please refer to arXiv e-prints via their arXiv DOI <doi:10.48550/arXiv.YYMM.NNNNN>.
Flavors: r-devel-linux-x86_64-debian-clang, r-devel-linux-x86_64-debian-gcc
These binaries (installable software) and packages are in development.
They may not be fully stable and should be used with caution. We make no claims about them.