Last updated on 2025-11-11 17:50:08 CET.
| Flavor | Version | Tinstall | Tcheck | Ttotal | Status | Flags |
|---|---|---|---|---|---|---|
| r-devel-linux-x86_64-debian-clang | 2.0 | 1.57 | 19.64 | 21.21 | NOTE | |
| r-devel-linux-x86_64-debian-gcc | 2.0 | 1.38 | 16.44 | 17.82 | NOTE | |
| r-devel-linux-x86_64-fedora-clang | 2.0 | 11.00 | 22.42 | 33.42 | NOTE | |
| r-devel-linux-x86_64-fedora-gcc | 2.0 | 29.68 | NOTE | |||
| r-devel-windows-x86_64 | 2.0 | 2.00 | 51.00 | 53.00 | NOTE | |
| r-patched-linux-x86_64 | 2.0 | 1.69 | 18.46 | 20.15 | NOTE | |
| r-release-linux-x86_64 | 2.0 | 1.66 | 18.42 | 20.08 | NOTE | |
| r-release-macos-arm64 | 2.0 | 1.00 | 16.00 | 17.00 | NOTE | |
| r-release-macos-x86_64 | 2.0 | 2.00 | 22.00 | 24.00 | NOTE | |
| r-release-windows-x86_64 | 2.0 | 3.00 | 38.00 | 41.00 | NOTE | |
| r-oldrel-macos-arm64 | 2.0 | 1.00 | 15.00 | 16.00 | NOTE | |
| r-oldrel-macos-x86_64 | 2.0 | 2.00 | 18.00 | 20.00 | NOTE | |
| r-oldrel-windows-x86_64 | 2.0 | 2.00 | 40.00 | 42.00 | NOTE |
Version: 2.0
Check: CRAN incoming feasibility
Result: NOTE
Maintainer: ‘Guoli Sun <guolisun87@gmail.com>’
No Authors@R field in DESCRIPTION.
Please add one, modifying
Authors@R: c(person(given = "Alex",
family = "Krasnitz",
role = "aut"),
person(given = "Guoli",
family = "Sun",
role = c("aut", "cre"),
email = "guolisun87@gmail.com"))
as necessary.
Flavors: r-devel-linux-x86_64-debian-clang, r-devel-linux-x86_64-debian-gcc
Version: 2.0
Check: DESCRIPTION meta-information
Result: NOTE
Malformed Description field: should contain one or more complete sentences.
Flavors: r-devel-linux-x86_64-debian-clang, r-devel-linux-x86_64-debian-gcc, r-devel-linux-x86_64-fedora-clang, r-devel-linux-x86_64-fedora-gcc, r-devel-windows-x86_64, r-patched-linux-x86_64, r-release-linux-x86_64, r-release-macos-arm64, r-release-macos-x86_64, r-release-windows-x86_64, r-oldrel-macos-arm64, r-oldrel-macos-x86_64, r-oldrel-windows-x86_64
These binaries (installable software) and packages are in development.
They may not be fully stable and should be used with caution. We make no claims about them.