CRAN Package Check Results for Package PartialNetwork

Last updated on 2025-07-22 19:51:55 CEST.

Flavor Version Tinstall Tcheck Ttotal Status Flags
r-devel-linux-x86_64-debian-clang 1.1.0 284.81 113.45 398.26 OK
r-devel-linux-x86_64-debian-gcc 1.1.0 208.27 87.94 296.21 OK
r-devel-linux-x86_64-fedora-clang 1.1.0 688.38 OK
r-devel-linux-x86_64-fedora-gcc 1.1.0 745.70 OK
r-devel-windows-x86_64 1.1.0 294.00 202.00 496.00 OK
r-patched-linux-x86_64 1.1.0 290.73 114.16 404.89 OK
r-release-linux-x86_64 1.1.0 293.05 114.65 407.70 OK
r-release-macos-arm64 1.1.0 188.00 OK
r-release-macos-x86_64 1.1.0 230.00 OK
r-release-windows-x86_64 1.1.0 290.00 205.00 495.00 OK
r-oldrel-macos-arm64 1.1.0 181.00 NOTE
r-oldrel-macos-x86_64 1.1.0 237.00 NOTE
r-oldrel-windows-x86_64 1.1.0 357.00 229.00 586.00 NOTE

Check Details

Version: 1.1.0
Check: installed package size
Result: NOTE installed size is 47.5Mb sub-directories of 1Mb or more: doc 2.8Mb libs 44.4Mb Flavors: r-oldrel-macos-arm64, r-oldrel-macos-x86_64, r-oldrel-windows-x86_64

These binaries (installable software) and packages are in development.
They may not be fully stable and should be used with caution. We make no claims about them.