CRAN Package Check Results for Package Partiallyoverlapping

Last updated on 2025-02-16 10:50:54 CET.

Flavor Version Tinstall Tcheck Ttotal Status Flags
r-devel-linux-x86_64-debian-clang 2.0 2.13 17.04 19.17 OK
r-devel-linux-x86_64-debian-gcc 2.0 1.51 13.63 15.14 OK
r-devel-linux-x86_64-fedora-clang 2.0 32.24 OK
r-devel-linux-x86_64-fedora-gcc 2.0 28.77 OK
r-devel-macos-arm64 2.0 13.00 OK
r-devel-macos-x86_64 2.0 21.00 OK
r-devel-windows-x86_64 2.0 2.00 41.00 43.00 OK
r-patched-linux-x86_64 2.0 1.85 16.11 17.96 NOTE
r-release-linux-x86_64 2.0 1.76 16.20 17.96 NOTE
r-release-macos-arm64 2.0 14.00 NOTE
r-release-macos-x86_64 2.0 20.00 NOTE
r-release-windows-x86_64 2.0 3.00 37.00 40.00 NOTE
r-oldrel-macos-arm64 2.0 15.00 NOTE
r-oldrel-macos-x86_64 2.0 19.00 NOTE
r-oldrel-windows-x86_64 2.0 3.00 38.00 41.00 NOTE

Check Details

Version: 2.0
Check: LazyData
Result: NOTE 'LazyData' is specified without a 'data' directory Flavors: r-patched-linux-x86_64, r-release-linux-x86_64, r-release-macos-arm64, r-release-macos-x86_64, r-release-windows-x86_64, r-oldrel-macos-arm64, r-oldrel-macos-x86_64, r-oldrel-windows-x86_64

These binaries (installable software) and packages are in development.
They may not be fully stable and should be used with caution. We make no claims about them.