CRAN Package Check Results for Package Path.Analysis

Last updated on 2025-05-23 05:52:34 CEST.

Flavor Version Tinstall Tcheck Ttotal Status Flags
r-devel-linux-x86_64-debian-clang 0.1 15.08 133.27 148.35 OK
r-devel-linux-x86_64-debian-gcc 0.1 10.29 96.19 106.48 OK
r-devel-linux-x86_64-fedora-clang 0.1 232.64 NOTE
r-devel-linux-x86_64-fedora-gcc 0.1 224.60 NOTE
r-devel-windows-x86_64 0.1 18.00 142.00 160.00 OK
r-patched-linux-x86_64 0.1 13.00 123.01 136.01 OK
r-release-linux-x86_64 0.1 14.21 122.32 136.53 OK
r-release-macos-arm64 0.1 129.00 OK
r-release-macos-x86_64 0.1 132.00 OK
r-release-windows-x86_64 0.1 16.00 136.00 152.00 OK
r-oldrel-macos-arm64 0.1 65.00 OK
r-oldrel-macos-x86_64 0.1 89.00 OK
r-oldrel-windows-x86_64 0.1 23.00 173.00 196.00 OK

Check Details

Version: 0.1
Check: dependencies in R code
Result: NOTE Namespaces in Imports field not imported from: ‘ComplexHeatmap’ ‘mathjaxr’ All declared Imports should be used. Flavors: r-devel-linux-x86_64-fedora-clang, r-devel-linux-x86_64-fedora-gcc

These binaries (installable software) and packages are in development.
They may not be fully stable and should be used with caution. We make no claims about them.