Last updated on 2025-07-23 03:50:54 CEST.
Flavor | Version | Tinstall | Tcheck | Ttotal | Status | Flags |
---|---|---|---|---|---|---|
r-devel-linux-x86_64-debian-clang | 0.1.1 | 30.56 | 239.79 | 270.35 | OK | |
r-devel-linux-x86_64-debian-gcc | 0.1.1 | 21.50 | 163.36 | 184.86 | OK | |
r-devel-linux-x86_64-fedora-clang | 0.1.1 | 440.53 | OK | |||
r-devel-linux-x86_64-fedora-gcc | 0.1.1 | 401.86 | OK | |||
r-devel-windows-x86_64 | 0.1.1 | 30.00 | 194.00 | 224.00 | OK | |
r-patched-linux-x86_64 | 0.1.1 | 29.57 | 229.05 | 258.62 | OK | |
r-release-linux-x86_64 | 0.1.1 | 29.06 | 223.22 | 252.28 | OK | |
r-release-macos-arm64 | 0.1.1 | 4.00 | ERROR | |||
r-release-macos-x86_64 | 0.1.1 | 214.00 | OK | |||
r-release-windows-x86_64 | 0.1.1 | 9.00 | 5.00 | 14.00 | ERROR | |
r-oldrel-macos-arm64 | 0.1.1 | 9.00 | ERROR | |||
r-oldrel-macos-x86_64 | 0.1.1 | 233.00 | OK | |||
r-oldrel-windows-x86_64 | 0.1.1 | 14.00 | 9.00 | 23.00 | ERROR |
Version: 0.1.1
Check: package dependencies
Result: ERROR
Packages required but not available: 'org.Hs.eg.db', 'reactome.db'
See section ‘The DESCRIPTION file’ in the ‘Writing R Extensions’
manual.
Flavor: r-release-macos-arm64
Version: 0.1.1
Check: whether package can be installed
Result: ERROR
Installation failed.
Flavors: r-release-windows-x86_64, r-oldrel-windows-x86_64
Version: 0.1.1
Check: package dependencies
Result: ERROR
Package required but not available: ‘reactome.db’
See section ‘The DESCRIPTION file’ in the ‘Writing R Extensions’
manual.
Flavor: r-oldrel-macos-arm64
These binaries (installable software) and packages are in development.
They may not be fully stable and should be used with caution. We make no claims about them.