CRAN Package Check Results for Package PathwayVote

Last updated on 2025-05-08 04:52:13 CEST.

Flavor Version Tinstall Tcheck Ttotal Status Flags
r-devel-linux-x86_64-debian-clang 0.1.0 33.96 263.11 297.07 OK
r-devel-linux-x86_64-debian-gcc 0.1.0 21.64 187.92 209.56 OK
r-devel-linux-x86_64-fedora-clang 0.1.0 478.09 OK
r-devel-linux-x86_64-fedora-gcc 0.1.0 447.37 OK
r-devel-windows-x86_64 0.1.0 32.00 212.00 244.00 OK
r-patched-linux-x86_64 0.1.0 32.32 245.47 277.79 OK
r-release-linux-x86_64 0.1.0 32.93 248.41 281.34 OK
r-release-macos-arm64 0.1.0 5.00 ERROR
r-release-macos-x86_64 0.1.0 6.00 ERROR
r-release-windows-x86_64 0.1.0 34.00 208.00 242.00 OK
r-oldrel-macos-arm64 0.1.0 9.00 ERROR
r-oldrel-macos-x86_64 0.1.0 11.00 ERROR
r-oldrel-windows-x86_64 0.1.0 45.00 289.00 334.00 OK

Check Details

Version: 0.1.0
Check: package dependencies
Result: ERROR Packages required but not available: 'org.Hs.eg.db', 'ReactomePA' See section ‘The DESCRIPTION file’ in the ‘Writing R Extensions’ manual. Flavor: r-release-macos-arm64

Version: 0.1.0
Check: package dependencies
Result: ERROR Package required but not available: ‘ReactomePA’ See section ‘The DESCRIPTION file’ in the ‘Writing R Extensions’ manual. Flavors: r-release-macos-x86_64, r-oldrel-macos-arm64, r-oldrel-macos-x86_64

These binaries (installable software) and packages are in development.
They may not be fully stable and should be used with caution. We make no claims about them.