Last updated on 2025-11-12 19:51:57 CET.
| Flavor | Version | Tinstall | Tcheck | Ttotal | Status | Flags |
|---|---|---|---|---|---|---|
| r-devel-linux-x86_64-debian-clang | 0.1.2 | 31.69 | 257.21 | 288.90 | OK | |
| r-devel-linux-x86_64-debian-gcc | 0.1.2 | 24.01 | 178.57 | 202.58 | OK | |
| r-devel-linux-x86_64-fedora-clang | 0.1.2 | 107.00 | 343.78 | 450.78 | OK | |
| r-devel-linux-x86_64-fedora-gcc | 0.1.2 | 66.00 | 350.94 | 416.94 | OK | |
| r-devel-windows-x86_64 | 0.1.2 | 10.00 | 6.00 | 16.00 | ERROR | |
| r-patched-linux-x86_64 | 0.1.2 | 30.37 | 244.33 | 274.70 | OK | |
| r-release-linux-x86_64 | 0.1.2 | 0.30 | 1.73 | 2.03 | ERROR | |
| r-release-macos-arm64 | 0.1.2 | 5.00 | ERROR | |||
| r-release-macos-x86_64 | 0.1.2 | 35.00 | 190.00 | 225.00 | OK | |
| r-release-windows-x86_64 | 0.1.2 | 11.00 | 5.00 | 16.00 | ERROR | |
| r-oldrel-macos-arm64 | 0.1.2 | 9.00 | ERROR | |||
| r-oldrel-macos-x86_64 | 0.1.2 | 35.00 | 200.00 | 235.00 | OK | |
| r-oldrel-windows-x86_64 | 0.1.2 | 44.00 | 277.00 | 321.00 | OK |
Version: 0.1.2
Check: whether package can be installed
Result: ERROR
Installation failed.
Flavors: r-devel-windows-x86_64, r-release-windows-x86_64
Version: 0.1.2
Check: package dependencies
Result: ERROR
Package required but not available: ‘clusterProfiler’
See section ‘The DESCRIPTION file’ in the ‘Writing R Extensions’
manual.
Flavor: r-release-linux-x86_64
Version: 0.1.2
Check: package dependencies
Result: ERROR
Packages required but not available: 'org.Hs.eg.db', 'reactome.db'
See section ‘The DESCRIPTION file’ in the ‘Writing R Extensions’
manual.
Flavor: r-release-macos-arm64
Version: 0.1.2
Check: package dependencies
Result: ERROR
Package required but not available: ‘reactome.db’
See section ‘The DESCRIPTION file’ in the ‘Writing R Extensions’
manual.
Flavor: r-oldrel-macos-arm64
These binaries (installable software) and packages are in development.
They may not be fully stable and should be used with caution. We make no claims about them.