Last updated on 2025-02-16 10:50:54 CET.
Flavor | Version | Tinstall | Tcheck | Ttotal | Status | Flags |
---|---|---|---|---|---|---|
r-devel-linux-x86_64-debian-clang | 2.0.0 | 30.17 | 90.72 | 120.89 | NOTE | |
r-devel-linux-x86_64-debian-gcc | 2.0.0 | 21.38 | 61.67 | 83.05 | NOTE | |
r-devel-linux-x86_64-fedora-clang | 2.0.0 | 222.81 | OK | |||
r-devel-linux-x86_64-fedora-gcc | 2.0.0 | 195.43 | OK | |||
r-devel-macos-arm64 | 2.0.0 | 50.00 | OK | |||
r-devel-macos-x86_64 | 2.0.0 | 107.00 | OK | |||
r-devel-windows-x86_64 | 2.0.0 | 34.00 | 117.00 | 151.00 | OK | |
r-patched-linux-x86_64 | 2.0.0 | 34.17 | 84.01 | 118.18 | OK | |
r-release-linux-x86_64 | 2.0.0 | 29.06 | 83.43 | 112.49 | OK | |
r-release-macos-arm64 | 2.0.0 | 55.00 | OK | |||
r-release-macos-x86_64 | 2.0.0 | 152.00 | OK | |||
r-release-windows-x86_64 | 2.0.0 | 33.00 | 106.00 | 139.00 | OK | |
r-oldrel-macos-arm64 | 2.0.0 | 81.00 | OK | |||
r-oldrel-macos-x86_64 | 2.0.0 | 110.00 | OK | |||
r-oldrel-windows-x86_64 | 2.0.0 | 43.00 | 140.00 | 183.00 | OK |
Version: 2.0.0
Check: for unstated dependencies in ‘demo’
Result: NOTE
'library' or 'require' call not declared from: ‘mgcv’
Flavors: r-devel-linux-x86_64-debian-clang, r-devel-linux-x86_64-debian-gcc
These binaries (installable software) and packages are in development.
They may not be fully stable and should be used with caution. We make no claims about them.