CRAN Package Check Results for Package PenIC

Last updated on 2025-10-27 01:52:48 CET.

Flavor Version Tinstall Tcheck Ttotal Status Flags
r-devel-linux-x86_64-debian-clang 1.0.0 6.27 55.55 61.82 NOTE
r-devel-linux-x86_64-debian-gcc 1.0.0 4.30 41.82 46.12 NOTE
r-devel-linux-x86_64-fedora-clang 1.0.0 12.00 83.66 95.66 OK
r-devel-linux-x86_64-fedora-gcc 1.0.0 13.00 76.36 89.36 OK
r-devel-windows-x86_64 1.0.0 7.00 69.00 76.00 OK
r-patched-linux-x86_64 1.0.0 6.59 53.33 59.92 OK
r-release-linux-x86_64 1.0.0 5.62 54.09 59.71 OK
r-release-macos-arm64 1.0.0 3.00 31.00 34.00 OK
r-release-macos-x86_64 1.0.0 6.00 55.00 61.00 OK
r-release-windows-x86_64 1.0.0 6.00 71.00 77.00 OK
r-oldrel-macos-arm64 1.0.0 3.00 27.00 30.00 NOTE
r-oldrel-macos-x86_64 1.0.0 5.00 60.00 65.00 NOTE
r-oldrel-windows-x86_64 1.0.0 9.00 82.00 91.00 NOTE

Check Details

Version: 1.0.0
Check: CRAN incoming feasibility
Result: NOTE Maintainer: ‘Yan Liu <yanliuresearch@gmail.com>’ The Description field contains (2019) <arXiv:1912.11703>. Please refer to arXiv e-prints via their arXiv DOI <doi:10.48550/arXiv.YYMM.NNNNN>. Flavors: r-devel-linux-x86_64-debian-clang, r-devel-linux-x86_64-debian-gcc

Version: 1.0.0
Check: LazyData
Result: NOTE 'LazyData' is specified without a 'data' directory Flavors: r-oldrel-macos-arm64, r-oldrel-macos-x86_64, r-oldrel-windows-x86_64

These binaries (installable software) and packages are in development.
They may not be fully stable and should be used with caution. We make no claims about them.