Last updated on 2024-07-27 15:50:28 CEST.
Flavor | Version | Tinstall | Tcheck | Ttotal | Status | Flags |
---|---|---|---|---|---|---|
r-devel-linux-x86_64-debian-clang | 1.4.6 | 19.61 | 182.59 | 202.20 | OK | |
r-devel-linux-x86_64-debian-gcc | 1.4.6 | NOTE | ||||
r-devel-linux-x86_64-fedora-clang | 1.4.6 | 266.96 | OK | |||
r-devel-linux-x86_64-fedora-gcc | 1.4.6 | 250.23 | OK | |||
r-devel-windows-x86_64 | 1.4.6 | 19.00 | 148.00 | 167.00 | NOTE | |
r-patched-linux-x86_64 | 1.4.6 | OK | ||||
r-release-linux-x86_64 | 1.4.6 | 14.06 | 169.59 | 183.65 | OK | |
r-release-macos-arm64 | 1.4.6 | 59.00 | OK | |||
r-release-macos-x86_64 | 1.4.6 | 86.00 | OK | |||
r-release-windows-x86_64 | 1.4.6 | 19.00 | 148.00 | 167.00 | OK | |
r-oldrel-macos-arm64 | 1.4.6 | 70.00 | OK | |||
r-oldrel-macos-x86_64 | 1.4.6 | 113.00 | OK | |||
r-oldrel-windows-x86_64 | 1.4.6 | 24.00 | 189.00 | 213.00 | OK |
Version: 1.4.6
Check: Rd cross-references
Result: NOTE
Found the following Rd file(s) with Rd \link{} targets missing package
anchors:
lz.Rd: irtoys
Please provide package anchors for all Rd \link{} targets not in the
package itself and the base packages.
Flavors: r-devel-linux-x86_64-debian-gcc, r-devel-windows-x86_64
These binaries (installable software) and packages are in development.
They may not be fully stable and should be used with caution. We make no claims about them.