Last updated on 2025-02-16 12:53:47 CET.
Flavor | Version | Tinstall | Tcheck | Ttotal | Status | Flags |
---|---|---|---|---|---|---|
r-devel-linux-x86_64-debian-clang | 1.4.6 | 17.84 | 136.41 | 154.25 | NOTE | |
r-devel-linux-x86_64-debian-gcc | 1.4.6 | 12.10 | 96.58 | 108.68 | NOTE | |
r-devel-linux-x86_64-fedora-clang | 1.4.6 | 273.05 | OK | |||
r-devel-linux-x86_64-fedora-gcc | 1.4.6 | 242.85 | OK | |||
r-devel-macos-arm64 | 1.4.6 | 70.00 | OK | |||
r-devel-macos-x86_64 | 1.4.6 | 125.00 | OK | |||
r-devel-windows-x86_64 | 1.4.6 | 18.00 | 149.00 | 167.00 | NOTE | |
r-patched-linux-x86_64 | 1.4.6 | 22.16 | 129.68 | 151.84 | OK | |
r-release-linux-x86_64 | 1.4.6 | 13.88 | 128.96 | 142.84 | OK | |
r-release-macos-arm64 | 1.4.6 | 59.00 | OK | |||
r-release-macos-x86_64 | 1.4.6 | 86.00 | OK | |||
r-release-windows-x86_64 | 1.4.6 | 18.00 | 148.00 | 166.00 | OK | |
r-oldrel-macos-arm64 | 1.4.6 | 70.00 | OK | |||
r-oldrel-macos-x86_64 | 1.4.6 | 113.00 | OK | |||
r-oldrel-windows-x86_64 | 1.4.6 | 24.00 | 198.00 | 222.00 | OK |
Version: 1.4.6
Check: Rd cross-references
Result: NOTE
Found the following Rd file(s) with Rd \link{} targets missing package
anchors:
lz.Rd: irtoys
Please provide package anchors for all Rd \link{} targets not in the
package itself and the base packages.
Flavors: r-devel-linux-x86_64-debian-clang, r-devel-linux-x86_64-debian-gcc, r-devel-windows-x86_64
These binaries (installable software) and packages are in development.
They may not be fully stable and should be used with caution. We make no claims about them.