Last updated on 2025-11-11 15:50:42 CET.
| Flavor | Version | Tinstall | Tcheck | Ttotal | Status | Flags |
|---|---|---|---|---|---|---|
| r-devel-linux-x86_64-debian-clang | 0.1.0 | 1.68 | 19.62 | 21.30 | NOTE | |
| r-devel-linux-x86_64-debian-gcc | 0.1.0 | 1.39 | 15.66 | 17.05 | NOTE | |
| r-devel-linux-x86_64-fedora-clang | 0.1.0 | 31.98 | OK | |||
| r-devel-linux-x86_64-fedora-gcc | 0.1.0 | 30.12 | OK | |||
| r-devel-windows-x86_64 | 0.1.0 | 3.00 | 40.00 | 43.00 | OK | |
| r-patched-linux-x86_64 | 0.1.0 | 1.66 | 18.55 | 20.21 | OK | |
| r-release-linux-x86_64 | 0.1.0 | 1.45 | 18.60 | 20.05 | OK | |
| r-release-macos-arm64 | 0.1.0 | 1.00 | 13.00 | 14.00 | OK | |
| r-release-macos-x86_64 | 0.1.0 | 1.00 | 22.00 | 23.00 | OK | |
| r-release-windows-x86_64 | 0.1.0 | 2.00 | 33.00 | 35.00 | OK | |
| r-oldrel-macos-arm64 | 0.1.0 | 1.00 | 13.00 | 14.00 | OK | |
| r-oldrel-macos-x86_64 | 0.1.0 | 1.00 | 18.00 | 19.00 | OK | |
| r-oldrel-windows-x86_64 | 0.1.0 | 2.00 | 35.00 | 37.00 | OK |
Version: 0.1.0
Check: CRAN incoming feasibility
Result: NOTE
Maintainer: ‘Osama Abdalla <osama.abdalla@mail.utoronto.ca>’
No Authors@R field in DESCRIPTION.
Please add one, modifying
Authors@R: person(given = "Osama",
family = "Abdalla",
role = c("aut", "cre"),
email = "osama.abdalla@mail.utoronto.ca")
as necessary.
Flavors: r-devel-linux-x86_64-debian-clang, r-devel-linux-x86_64-debian-gcc
These binaries (installable software) and packages are in development.
They may not be fully stable and should be used with caution. We make no claims about them.